CRAN Package Check Results for Package RcppFastFloat

Last updated on 2024-03-03 01:00:54 CET.

Flavor Version Tinstall Tcheck Ttotal Status Flags
r-devel-linux-x86_64-debian-clang 0.0.4 24.09 28.06 52.15 NOTE
r-devel-linux-x86_64-debian-gcc 0.0.4 17.96 21.36 39.32 NOTE
r-devel-linux-x86_64-fedora-clang 0.0.4 74.41 NOTE
r-devel-linux-x86_64-fedora-gcc 0.0.4 68.63 NOTE
r-devel-windows-x86_64 0.0.4 24.00 76.00 100.00 NOTE
r-patched-linux-x86_64 0.0.4 23.57 27.15 50.72 NOTE
r-release-linux-x86_64 0.0.4 21.84 27.43 49.27 NOTE
r-release-macos-arm64 0.0.4 24.00 NOTE
r-release-macos-x86_64 0.0.4 33.00 NOTE
r-release-windows-x86_64 0.0.4 24.00 92.00 116.00 NOTE
r-oldrel-macos-arm64 0.0.4 27.00 OK
r-oldrel-windows-x86_64 0.0.4 27.00 77.00 104.00 OK

Check Details

Version: 0.0.4
Check: C++ specification
Result: NOTE Specified C++11: please drop specification unless essential Flavors: r-devel-linux-x86_64-debian-clang, r-devel-linux-x86_64-debian-gcc, r-devel-linux-x86_64-fedora-clang, r-devel-linux-x86_64-fedora-gcc, r-devel-windows-x86_64, r-patched-linux-x86_64, r-release-linux-x86_64, r-release-macos-arm64, r-release-macos-x86_64, r-release-windows-x86_64