CRAN Package Check Results for Package RcppML

Last updated on 2024-03-03 01:00:54 CET.

Flavor Version Tinstall Tcheck Ttotal Status Flags
r-devel-linux-x86_64-debian-clang 0.3.7 48.07 81.53 129.60 NOTE
r-devel-linux-x86_64-debian-gcc 0.3.7 47.39 61.17 108.56 NOTE
r-devel-linux-x86_64-fedora-clang 0.3.7 172.21 NOTE
r-devel-linux-x86_64-fedora-gcc 0.3.7 181.40 NOTE
r-devel-windows-x86_64 0.3.7 38.00 97.00 135.00 NOTE
r-patched-linux-x86_64 0.3.7 45.76 79.06 124.82 NOTE
r-release-linux-x86_64 0.3.7 54.60 79.21 133.81 NOTE
r-release-macos-arm64 0.3.7 57.00 NOTE
r-release-macos-x86_64 0.3.7 92.00 NOTE
r-release-windows-x86_64 0.3.7 49.00 121.00 170.00 NOTE
r-oldrel-macos-arm64 0.3.7 46.00 NOTE
r-oldrel-windows-x86_64 0.3.7 47.00 114.00 161.00 OK

Check Details

Version: 0.3.7
Check: C++ specification
Result: NOTE Specified C++11: please drop specification unless essential Flavors: r-devel-linux-x86_64-debian-clang, r-devel-linux-x86_64-debian-gcc, r-devel-linux-x86_64-fedora-clang, r-devel-linux-x86_64-fedora-gcc, r-devel-windows-x86_64, r-patched-linux-x86_64, r-release-linux-x86_64, r-release-macos-arm64, r-release-macos-x86_64, r-release-windows-x86_64

Version: 0.3.7
Check: installed package size
Result: NOTE installed size is 8.3Mb sub-directories of 1Mb or more: libs 8.0Mb Flavors: r-release-macos-arm64, r-release-macos-x86_64, r-oldrel-macos-arm64