Last updated on 2024-05-21 00:57:22 CEST.
Flavor | Version | Tinstall | Tcheck | Ttotal | Status | Flags |
---|---|---|---|---|---|---|
r-devel-linux-x86_64-debian-clang | 0.0.1.2 | 47.93 | 27.88 | 75.81 | NOTE | |
r-devel-linux-x86_64-debian-gcc | 0.0.1.2 | 39.24 | 22.18 | 61.42 | NOTE | |
r-devel-linux-x86_64-fedora-clang | 0.0.1.2 | 107.20 | NOTE | |||
r-devel-linux-x86_64-fedora-gcc | 0.0.1.2 | 117.80 | NOTE | |||
r-devel-windows-x86_64 | 0.0.1.2 | 48.00 | 83.00 | 131.00 | NOTE | |
r-patched-linux-x86_64 | 0.0.1.2 | 54.26 | 27.82 | 82.08 | NOTE | |
r-release-linux-x86_64 | 0.0.1.2 | 51.49 | 27.85 | 79.34 | NOTE | |
r-release-macos-arm64 | 0.0.1.2 | 21.00 | ERROR | |||
r-release-macos-x86_64 | 0.0.1.2 | 24.00 | ERROR | |||
r-release-windows-x86_64 | 0.0.1.2 | 50.00 | 83.00 | 133.00 | NOTE | |
r-oldrel-macos-arm64 | 0.0.1.2 | 28.00 | ERROR | |||
r-oldrel-macos-x86_64 | 0.0.1.2 | 33.00 | ERROR | |||
r-oldrel-windows-x86_64 | 0.0.1.2 | 47.00 | 88.00 | 135.00 | NOTE |
Version: 0.0.1.2
Check: C++ specification
Result: NOTE
Specified C++11: please drop specification unless essential
Flavors: r-devel-linux-x86_64-debian-clang, r-devel-linux-x86_64-debian-gcc, r-devel-linux-x86_64-fedora-clang, r-devel-linux-x86_64-fedora-gcc, r-devel-windows-x86_64, r-patched-linux-x86_64, r-release-linux-x86_64, r-release-windows-x86_64, r-oldrel-windows-x86_64
Version: 0.0.1.2
Check: LazyData
Result: NOTE
'LazyData' is specified without a 'data' directory
Flavors: r-devel-linux-x86_64-debian-clang, r-devel-linux-x86_64-debian-gcc, r-devel-linux-x86_64-fedora-clang, r-devel-linux-x86_64-fedora-gcc, r-devel-windows-x86_64, r-patched-linux-x86_64, r-release-linux-x86_64, r-release-windows-x86_64, r-oldrel-windows-x86_64
Version: 0.0.1.2
Check: for GNU extensions in Makefiles
Result: NOTE
GNU make is a SystemRequirements.
Flavors: r-devel-linux-x86_64-debian-clang, r-devel-linux-x86_64-debian-gcc, r-devel-linux-x86_64-fedora-clang, r-devel-linux-x86_64-fedora-gcc, r-devel-windows-x86_64, r-patched-linux-x86_64, r-release-linux-x86_64, r-release-windows-x86_64, r-oldrel-windows-x86_64
Version: 0.0.1.2
Check: whether package can be installed
Result: ERROR
Installation failed.
Flavors: r-release-macos-arm64, r-release-macos-x86_64, r-oldrel-macos-arm64, r-oldrel-macos-x86_64