Last updated on 2024-05-21 16:53:28 CEST.
Flavor | Version | Tinstall | Tcheck | Ttotal | Status | Flags |
---|---|---|---|---|---|---|
r-devel-linux-x86_64-debian-clang | 0.2.3 | 52.07 | 79.06 | 131.13 | NOTE | |
r-devel-linux-x86_64-debian-gcc | 0.2.3 | 36.66 | 59.76 | 96.42 | NOTE | |
r-devel-linux-x86_64-fedora-clang | 0.2.3 | 176.12 | NOTE | |||
r-devel-linux-x86_64-fedora-gcc | 0.2.3 | 195.90 | NOTE | |||
r-devel-windows-x86_64 | 0.2.3 | 54.00 | 115.00 | 169.00 | NOTE | |
r-patched-linux-x86_64 | 0.2.3 | 49.47 | 77.84 | 127.31 | NOTE | |
r-release-linux-x86_64 | 0.2.3 | 50.37 | 76.73 | 127.10 | NOTE | |
r-release-macos-arm64 | 0.2.3 | 53.00 | NOTE | |||
r-release-windows-x86_64 | 0.2.3 | 53.00 | 134.00 | 187.00 | NOTE | |
r-oldrel-macos-arm64 | 0.2.3 | 60.00 | NOTE | |||
r-oldrel-macos-x86_64 | 0.2.3 | 94.00 | NOTE | |||
r-oldrel-windows-x86_64 | 0.2.3 | 56.00 | 124.00 | 180.00 | NOTE |
Version: 0.2.3
Check: C++ specification
Result: NOTE
Specified C++11: please drop specification unless essential
Flavors: r-devel-linux-x86_64-debian-clang, r-devel-linux-x86_64-debian-gcc, r-devel-linux-x86_64-fedora-clang, r-devel-linux-x86_64-fedora-gcc, r-devel-windows-x86_64, r-patched-linux-x86_64, r-release-linux-x86_64, r-release-macos-arm64, r-release-windows-x86_64, r-oldrel-macos-arm64, r-oldrel-macos-x86_64, r-oldrel-windows-x86_64
Version: 0.2.3
Check: installed package size
Result: NOTE
installed size is 7.7Mb
sub-directories of 1Mb or more:
include 7.0Mb
Flavors: r-devel-linux-x86_64-fedora-clang, r-devel-windows-x86_64, r-release-macos-arm64, r-release-windows-x86_64, r-oldrel-macos-arm64, r-oldrel-macos-x86_64, r-oldrel-windows-x86_64