Last updated on 2024-08-31 17:49:05 CEST.
Flavor | Version | Tinstall | Tcheck | Ttotal | Status | Flags |
---|---|---|---|---|---|---|
r-devel-linux-x86_64-debian-clang | 0.6-0 | 28.51 | 107.22 | 135.73 | OK | |
r-devel-linux-x86_64-debian-gcc | 0.6-0 | 23.26 | 87.97 | 111.23 | OK | |
r-devel-linux-x86_64-fedora-clang | 0.6-0 | 228.22 | OK | |||
r-devel-linux-x86_64-fedora-gcc | 0.6-0 | 313.91 | OK | |||
r-devel-windows-x86_64 | 0.6-0 | 36.00 | 175.00 | 211.00 | OK | |
r-patched-linux-x86_64 | 0.6-0 | 32.79 | 113.38 | 146.17 | OK | |
r-release-linux-x86_64 | 0.6-0 | 29.74 | 114.49 | 144.23 | OK | |
r-release-macos-arm64 | 0.6-0 | 64.00 | NOTE | |||
r-release-macos-x86_64 | 0.6-0 | 111.00 | NOTE | |||
r-release-windows-x86_64 | 0.6-0 | 37.00 | 332.00 | 369.00 | OK | |
r-oldrel-macos-arm64 | 0.6-0 | 101.00 | NOTE | |||
r-oldrel-macos-x86_64 | 0.6-0 | 144.00 | NOTE | |||
r-oldrel-windows-x86_64 | 0.6-0 | 44.00 | 216.00 | 260.00 | OK |
Version: 0.6-0
Check: installed package size
Result: NOTE
installed size is 6.6Mb
sub-directories of 1Mb or more:
libs 6.0Mb
Flavors: r-release-macos-arm64, r-release-macos-x86_64, r-oldrel-macos-arm64, r-oldrel-macos-x86_64