Last updated on 2023-11-30 16:49:35 CET.
Flavor | Version | Tinstall | Tcheck | Ttotal | Status | Flags |
---|---|---|---|---|---|---|
r-devel-linux-x86_64-debian-clang | 0.6-5 | 4.22 | 26.30 | 30.52 | WARN | |
r-devel-linux-x86_64-debian-gcc | 0.6-5 | 3.70 | 20.83 | 24.53 | WARN | |
r-devel-linux-x86_64-fedora-clang | 0.6-5 | 40.85 | WARN | |||
r-devel-linux-x86_64-fedora-gcc | 0.6-5 | 42.09 | WARN | |||
r-devel-windows-x86_64 | 0.6-5 | 16.00 | 49.00 | 65.00 | OK | |
r-patched-linux-x86_64 | 0.6-5 | 4.97 | 25.87 | 30.84 | OK | |
r-release-linux-x86_64 | 0.6-5 | 4.53 | 25.98 | 30.51 | OK | |
r-release-macos-arm64 | 0.6-5 | 24.00 | OK | |||
r-release-macos-x86_64 | 0.6-5 | 26.00 | OK | |||
r-release-windows-x86_64 | 0.6-5 | 17.00 | 50.00 | 67.00 | OK | |
r-oldrel-macos-arm64 | 0.6-5 | 21.00 | OK | |||
r-oldrel-macos-x86_64 | 0.6-5 | 33.00 | OK | |||
r-oldrel-windows-x86_64 | 0.6-5 | 24.00 | 57.00 | 81.00 | OK |
Version: 0.6-5
Check: whether package can be installed
Result: WARN
Found the following significant warnings:
Rglpk_read_file.c:215:38: warning: format specifies type 'int' but the argument has type 'char *' [-Wformat]
See ‘/home/hornik/tmp/R.check/r-devel-clang/Work/PKGS/Rglpk.Rcheck/00install.out’ for details.
* used C compiler: ‘Debian clang version 17.0.5 (1)’
Flavor: r-devel-linux-x86_64-debian-clang
Version: 0.6-5
Check: whether package can be installed
Result: WARN
Found the following significant warnings:
Rglpk_read_file.c:215:26: warning: format ‘%c’ expects argument of type ‘int’, but argument 2 has type ‘char *’ [-Wformat=]
See ‘/home/hornik/tmp/R.check/r-devel-gcc/Work/PKGS/Rglpk.Rcheck/00install.out’ for details.
* used C compiler: ‘gcc-13 (Debian 13.2.0-5) 13.2.0’
Flavor: r-devel-linux-x86_64-debian-gcc
Version: 0.6-5
Check: whether package can be installed
Result: WARN
Found the following significant warnings:
Rglpk_read_file.c:215:38: warning: format specifies type 'int' but the argument has type 'char *' [-Wformat]
See ‘/data/gannet/ripley/R/packages/tests-clang/Rglpk.Rcheck/00install.out’ for details.
* used C compiler: ‘clang version 17.0.5’
Flavor: r-devel-linux-x86_64-fedora-clang
Version: 0.6-5
Check: Rd cross-references
Result: NOTE
Undeclared packages ‘lpSolve’, ‘ROI’, ‘Rsymphony’ in Rd xrefs
Flavor: r-devel-linux-x86_64-fedora-clang
Version: 0.6-5
Check: whether package can be installed
Result: WARN
Found the following significant warnings:
Rglpk_read_file.c:215:26: warning: format '%c' expects argument of type 'int', but argument 2 has type 'char *' [-Wformat=]
See ‘/data/gannet/ripley/R/packages/tests-devel/Rglpk.Rcheck/00install.out’ for details.
* used C compiler: ‘gcc-13 (GCC) 13.2.0’
Flavor: r-devel-linux-x86_64-fedora-gcc