CRAN Package Check Results for Package RgoogleMaps

Last updated on 2024-02-22 08:54:19 CET.

Flavor Version Tinstall Tcheck Ttotal Status Flags
r-devel-linux-x86_64-debian-clang 1.5.1 OK
r-devel-linux-x86_64-debian-gcc 1.5.1 2.91 32.81 35.72 OK
r-devel-linux-x86_64-fedora-clang 1.5.1 58.07 NOTE
r-devel-linux-x86_64-fedora-gcc 1.5.1 55.96 OK
r-devel-windows-x86_64 1.5.1 5.00 59.00 64.00 OK
r-patched-linux-x86_64 1.5.1 6.00 42.34 48.34 OK
r-release-linux-x86_64 1.5.1 4.49 41.58 46.07 OK
r-release-macos-arm64 1.5.1 24.00 OK
r-release-macos-x86_64 1.5.1 73.00 OK
r-release-windows-x86_64 1.5.1 8.00 63.00 71.00 OK
r-oldrel-macos-arm64 1.5.1 38.00 OK
r-oldrel-windows-x86_64 1.5.1 6.00 67.00 73.00 OK

Check Details

Version: 1.5.1
Check: Rd cross-references
Result: NOTE Undeclared package ‘sp’ in Rd xrefs Flavor: r-devel-linux-x86_64-fedora-clang