CRAN Package Check Results for Package Riemann

Last updated on 2024-02-29 08:49:05 CET.

Flavor Version Tinstall Tcheck Ttotal Status Flags
r-devel-linux-x86_64-debian-clang 0.1.4 334.06 244.51 578.57 NOTE
r-devel-linux-x86_64-debian-gcc 0.1.4 264.08 179.54 443.62 NOTE
r-devel-linux-x86_64-fedora-clang 0.1.4 828.57 NOTE
r-devel-linux-x86_64-fedora-gcc 0.1.4 811.95 NOTE
r-devel-windows-x86_64 0.1.4 220.00 223.00 443.00 NOTE
r-patched-linux-x86_64 0.1.4 320.82 235.47 556.29 NOTE
r-release-linux-x86_64 0.1.4 312.15 234.64 546.79 NOTE
r-release-macos-arm64 0.1.4 200.00 NOTE
r-release-macos-x86_64 0.1.4 341.00 NOTE
r-release-windows-x86_64 0.1.4 311.00 287.00 598.00 NOTE
r-oldrel-macos-arm64 0.1.4 171.00 NOTE
r-oldrel-windows-x86_64 0.1.4 313.00 255.00 568.00 OK

Check Details

Version: 0.1.4
Check: C++ specification
Result: NOTE Specified C++11: please drop specification unless essential Flavors: r-devel-linux-x86_64-debian-clang, r-devel-linux-x86_64-debian-gcc, r-devel-linux-x86_64-fedora-clang, r-devel-linux-x86_64-fedora-gcc, r-devel-windows-x86_64, r-patched-linux-x86_64, r-release-linux-x86_64, r-release-macos-arm64, r-release-macos-x86_64, r-release-windows-x86_64

Version: 0.1.4
Check: Rd files
Result: NOTE checkRd: (-1) acg.Rd:72: Escaped LaTeX specials: \& checkRd: (-1) gorilla.Rd:41: Escaped LaTeX specials: \& checkRd: (-1) grassmann.utest.Rd:63: Escaped LaTeX specials: \& checkRd: (-1) macg.Rd:71: Escaped LaTeX specials: \& checkRd: (-1) sphere.utest.Rd:47: Escaped LaTeX specials: \& checkRd: (-1) stiefel.utest.Rd:64: Escaped LaTeX specials: \& checkRd: (-1) wrap.landmark.Rd:41: Escaped LaTeX specials: \& Flavors: r-devel-linux-x86_64-debian-clang, r-devel-linux-x86_64-debian-gcc, r-devel-linux-x86_64-fedora-clang, r-devel-linux-x86_64-fedora-gcc, r-devel-windows-x86_64, r-patched-linux-x86_64, r-release-linux-x86_64, r-release-macos-arm64, r-release-macos-x86_64, r-release-windows-x86_64

Version: 0.1.4
Check: installed package size
Result: NOTE installed size is 18.6Mb sub-directories of 1Mb or more: data 1.6Mb libs 16.2Mb Flavors: r-release-macos-arm64, r-release-macos-x86_64, r-oldrel-macos-arm64