CRAN Package Check Results for Package Rita

Last updated on 2024-02-25 01:01:15 CET.

Flavor Version Tinstall Tcheck Ttotal Status Flags
r-devel-linux-x86_64-debian-clang 1.2.0 3.19 36.16 39.35 OK
r-devel-linux-x86_64-debian-gcc 1.2.0 2.64 27.35 29.99 OK
r-devel-linux-x86_64-fedora-clang 1.2.0 48.41 NOTE
r-devel-linux-x86_64-fedora-gcc 1.2.0 46.87 NOTE
r-devel-windows-x86_64 1.2.0 3.00 50.00 53.00 OK
r-patched-linux-x86_64 1.2.0 3.11 35.36 38.47 OK
r-release-linux-x86_64 1.2.0 3.61 35.66 39.27 OK
r-release-macos-arm64 1.2.0 19.00 OK
r-release-macos-x86_64 1.2.0 26.00 OK
r-release-windows-x86_64 1.2.0 4.00 55.00 59.00 OK
r-oldrel-macos-arm64 1.2.0 17.00 OK
r-oldrel-windows-x86_64 1.2.0 5.00 55.00 60.00 OK

Check Details

Version: 1.2.0
Check: dependencies in R code
Result: NOTE Namespace in Imports field not imported from: ‘base’ All declared Imports should be used. Flavors: r-devel-linux-x86_64-fedora-clang, r-devel-linux-x86_64-fedora-gcc