CRAN Package Check Results for Package RmecabKo

Last updated on 2024-02-25 16:51:53 CET.

Flavor Version Tinstall Tcheck Ttotal Status Flags
r-devel-linux-x86_64-debian-clang 0.1.6.2 39.07 35.79 74.86 NOTE
r-devel-linux-x86_64-debian-gcc 0.1.6.2 30.34 27.91 58.25 NOTE
r-devel-linux-x86_64-fedora-clang 0.1.6.2 113.05 NOTE
r-devel-linux-x86_64-fedora-gcc 0.1.6.2 106.30 NOTE
r-devel-windows-x86_64 0.1.6.2 32.00 71.00 103.00 NOTE
r-patched-linux-x86_64 0.1.6.2 45.65 36.36 82.01 NOTE
r-release-linux-x86_64 0.1.6.2 43.54 35.81 79.35 NOTE
r-release-macos-arm64 0.1.6.2 15.00 ERROR
r-release-macos-x86_64 0.1.6.2 15.00 ERROR
r-release-windows-x86_64 0.1.6.2 39.00 80.00 119.00 NOTE
r-oldrel-macos-arm64 0.1.6.2 15.00 ERROR
r-oldrel-windows-x86_64 0.1.6.2 36.00 74.00 110.00 NOTE

Check Details

Version: 0.1.6.2
Check: LazyData
Result: NOTE 'LazyData' is specified without a 'data' directory Flavors: r-devel-linux-x86_64-debian-clang, r-devel-linux-x86_64-debian-gcc, r-devel-linux-x86_64-fedora-clang, r-devel-linux-x86_64-fedora-gcc, r-devel-windows-x86_64, r-patched-linux-x86_64, r-release-linux-x86_64, r-release-windows-x86_64, r-oldrel-windows-x86_64

Version: 0.1.6.2
Check: whether package can be installed
Result: ERROR Installation failed. Flavors: r-release-macos-arm64, r-release-macos-x86_64, r-oldrel-macos-arm64