CRAN Package Check Results for Package Rnightly

Last updated on 2024-02-24 16:48:32 CET.

Flavor Version Tinstall Tcheck Ttotal Status Flags
r-devel-linux-x86_64-debian-clang 0.1.0 1.70 21.07 22.77 NOTE
r-devel-linux-x86_64-debian-gcc 0.1.0 1.63 16.64 18.27 NOTE
r-devel-linux-x86_64-fedora-clang 0.1.0 29.66 NOTE
r-devel-linux-x86_64-fedora-gcc 0.1.0 27.67 NOTE
r-devel-windows-x86_64 0.1.0 3.00 43.00 46.00 NOTE
r-patched-linux-x86_64 0.1.0 2.21 21.00 23.21 NOTE
r-release-linux-x86_64 0.1.0 1.95 20.71 22.66 NOTE
r-release-macos-arm64 0.1.0 16.00 NOTE
r-release-macos-x86_64 0.1.0 21.00 NOTE
r-release-windows-x86_64 0.1.0 3.00 46.00 49.00 NOTE
r-oldrel-macos-arm64 0.1.0 15.00 NOTE
r-oldrel-windows-x86_64 0.1.0 4.00 46.00 50.00 NOTE

Check Details

Version: 0.1.0
Check: LazyData
Result: NOTE 'LazyData' is specified without a 'data' directory Flavors: r-devel-linux-x86_64-debian-clang, r-devel-linux-x86_64-debian-gcc, r-devel-linux-x86_64-fedora-clang, r-devel-linux-x86_64-fedora-gcc, r-devel-windows-x86_64, r-patched-linux-x86_64, r-release-linux-x86_64, r-release-macos-arm64, r-release-macos-x86_64, r-release-windows-x86_64, r-oldrel-macos-arm64, r-oldrel-windows-x86_64