CRAN Package Check Results for Package Rnmr1D

Last updated on 2024-03-03 01:00:55 CET.

Flavor Version Tinstall Tcheck Ttotal Status Flags
r-devel-linux-x86_64-debian-clang 1.3.2 43.84 172.49 216.33 OK
r-devel-linux-x86_64-debian-gcc 1.3.2 35.73 126.81 162.54 OK
r-devel-linux-x86_64-fedora-clang 1.3.2 280.22 NOTE
r-devel-linux-x86_64-fedora-gcc 1.3.2 269.22 NOTE
r-devel-windows-x86_64 1.3.2 35.00 180.00 215.00 OK
r-patched-linux-x86_64 1.3.2 41.83 165.47 207.30 OK
r-release-linux-x86_64 1.3.2 29.68 161.75 191.43 OK
r-release-macos-arm64 1.3.2 96.00 NOTE
r-release-macos-x86_64 1.3.2 243.00 OK
r-release-windows-x86_64 1.3.2 49.00 233.00 282.00 OK
r-oldrel-macos-arm64 1.3.2 87.00 OK
r-oldrel-windows-x86_64 1.3.2 46.00 225.00 271.00 OK

Check Details

Version: 1.3.2
Check: dependencies in R code
Result: NOTE Namespace in Imports field not imported from: ‘impute’ All declared Imports should be used. Flavors: r-devel-linux-x86_64-fedora-clang, r-devel-linux-x86_64-fedora-gcc

Version: 1.3.2
Check: installed package size
Result: NOTE installed size is 5.1Mb sub-directories of 1Mb or more: doc 2.0Mb libs 1.7Mb Flavor: r-release-macos-arm64