CRAN Package Check Results for Package RobLox

Last updated on 2024-03-03 01:00:55 CET.

Flavor Version Tinstall Tcheck Ttotal Status Flags
r-devel-linux-x86_64-debian-clang 1.2.1 20.28 227.63 247.91 OK
r-devel-linux-x86_64-debian-gcc 1.2.1 15.79 171.01 186.80 OK
r-devel-linux-x86_64-fedora-clang 1.2.1 287.30 NOTE
r-devel-linux-x86_64-fedora-gcc 1.2.1 281.82 OK
r-devel-windows-x86_64 1.2.1 19.00 170.00 189.00 OK
r-patched-linux-x86_64 1.2.1 24.27 196.17 220.44 OK
r-release-linux-x86_64 1.2.1 21.13 196.00 217.13 OK
r-release-macos-arm64 1.2.1 84.00 OK
r-release-macos-x86_64 1.2.1 187.00 OK
r-release-windows-x86_64 1.2.1 25.00 198.00 223.00 OK
r-oldrel-macos-arm64 1.2.1 78.00 OK
r-oldrel-windows-x86_64 1.2.1 25.00 189.00 214.00 OK

Check Details

Version: 1.2.1
Check: Rd cross-references
Result: NOTE Undeclared package ‘ROptEst’ in Rd xrefs Flavor: r-devel-linux-x86_64-fedora-clang