CRAN Package Check Results for Package RonFHIR

Last updated on 2024-02-29 00:55:52 CET.

Flavor Version Tinstall Tcheck Ttotal Status Flags
r-devel-linux-x86_64-debian-clang 0.4.0 7.04 32.33 39.37 NOTE
r-devel-linux-x86_64-debian-gcc 0.4.0 5.29 25.35 30.64 NOTE
r-devel-linux-x86_64-fedora-clang 0.4.0 49.99 NOTE
r-devel-linux-x86_64-fedora-gcc 0.4.0 46.07 NOTE
r-devel-windows-x86_64 0.4.0 6.00 45.00 51.00 NOTE
r-patched-linux-x86_64 0.4.0 7.53 31.56 39.09 NOTE
r-release-linux-x86_64 0.4.0 5.20 32.04 37.24 NOTE
r-release-macos-arm64 0.4.0 22.00 NOTE
r-release-macos-x86_64 0.4.0 26.00 NOTE
r-release-windows-x86_64 0.4.0 8.00 48.00 56.00 NOTE
r-oldrel-macos-arm64 0.4.0 16.00 NOTE
r-oldrel-windows-x86_64 0.4.0 8.00 51.00 59.00 NOTE

Check Details

Version: 0.4.0
Check: LazyData
Result: NOTE 'LazyData' is specified without a 'data' directory Flavors: r-devel-linux-x86_64-debian-clang, r-devel-linux-x86_64-debian-gcc, r-devel-linux-x86_64-fedora-clang, r-devel-linux-x86_64-fedora-gcc, r-devel-windows-x86_64, r-patched-linux-x86_64, r-release-linux-x86_64, r-release-macos-arm64, r-release-macos-x86_64, r-release-windows-x86_64, r-oldrel-macos-arm64, r-oldrel-windows-x86_64