Last updated on 2024-05-21 16:53:30 CEST.
Flavor | Version | Tinstall | Tcheck | Ttotal | Status | Flags |
---|---|---|---|---|---|---|
r-devel-linux-x86_64-debian-clang | 0.4.0 | 6.78 | 32.35 | 39.13 | NOTE | |
r-devel-linux-x86_64-debian-gcc | 0.4.0 | 5.49 | 25.38 | 30.87 | NOTE | |
r-devel-linux-x86_64-fedora-clang | 0.4.0 | 49.67 | NOTE | |||
r-devel-linux-x86_64-fedora-gcc | 0.4.0 | 46.44 | NOTE | |||
r-devel-windows-x86_64 | 0.4.0 | 6.00 | 45.00 | 51.00 | NOTE | |
r-patched-linux-x86_64 | 0.4.0 | 5.61 | 30.90 | 36.51 | NOTE | |
r-release-linux-x86_64 | 0.4.0 | 6.74 | 30.91 | 37.65 | NOTE | |
r-release-macos-arm64 | 0.4.0 | 18.00 | NOTE | |||
r-release-windows-x86_64 | 0.4.0 | 6.00 | 46.00 | 52.00 | NOTE | |
r-oldrel-macos-arm64 | 0.4.0 | 22.00 | NOTE | |||
r-oldrel-macos-x86_64 | 0.4.0 | 26.00 | NOTE | |||
r-oldrel-windows-x86_64 | 0.4.0 | 8.00 | 49.00 | 57.00 | NOTE |
Version: 0.4.0
Check: LazyData
Result: NOTE
'LazyData' is specified without a 'data' directory
Flavors: r-devel-linux-x86_64-debian-clang, r-devel-linux-x86_64-debian-gcc, r-devel-linux-x86_64-fedora-clang, r-devel-linux-x86_64-fedora-gcc, r-devel-windows-x86_64, r-patched-linux-x86_64, r-release-linux-x86_64, r-release-macos-arm64, r-release-windows-x86_64, r-oldrel-macos-arm64, r-oldrel-macos-x86_64, r-oldrel-windows-x86_64