CRAN Package Check Results for Package Rpoppler

Last updated on 2024-04-12 01:00:39 CEST.

Flavor Version Tinstall Tcheck Ttotal Status Flags
r-devel-linux-x86_64-debian-clang 0.1-2 8.31 23.90 32.21 OK
r-devel-linux-x86_64-debian-gcc 0.1-2 5.00 18.15 23.15 OK
r-devel-linux-x86_64-fedora-clang 0.1-2 41.27 OK
r-devel-linux-x86_64-fedora-gcc 0.1-2 39.48 OK
r-patched-linux-x86_64 0.1-2 6.36 23.00 29.36 OK
r-release-linux-x86_64 0.1-2 6.27 23.02 29.29 OK
r-release-macos-arm64 0.1-2 25.00 NOTE
r-release-macos-x86_64 0.1-2 59.00 NOTE
r-oldrel-macos-arm64 0.1-2 27.00 NOTE

Check Details

Version: 0.1-2
Check: installed package size
Result: NOTE installed size is 47.6Mb sub-directories of 1Mb or more: libs 47.5Mb Flavors: r-release-macos-arm64, r-release-macos-x86_64, r-oldrel-macos-arm64