Last updated on 2024-08-31 17:49:06 CEST.
Flavor | Version | Tinstall | Tcheck | Ttotal | Status | Flags |
---|---|---|---|---|---|---|
r-devel-linux-x86_64-debian-clang | 0.1-3 | 6.90 | 18.85 | 25.75 | OK | |
r-devel-linux-x86_64-debian-gcc | 0.1-3 | 4.57 | 15.51 | 20.08 | OK | |
r-devel-linux-x86_64-fedora-clang | 0.1-3 | 41.80 | OK | |||
r-devel-linux-x86_64-fedora-gcc | 0.1-3 | 41.20 | OK | |||
r-devel-windows-x86_64 | 0.1-3 | 39.00 | 2.00 | 41.00 | ERROR | |
r-patched-linux-x86_64 | 0.1-3 | 5.03 | 18.48 | 23.51 | OK | |
r-release-linux-x86_64 | 0.1-3 | 5.02 | 18.38 | 23.40 | OK | |
r-release-macos-arm64 | 0.1-3 | 26.00 | NOTE | |||
r-release-macos-x86_64 | 0.1-3 | 55.00 | NOTE | |||
r-release-windows-x86_64 | 0.1-3 | 34.00 | 2.00 | 36.00 | ERROR | |
r-oldrel-macos-arm64 | 0.1-3 | 32.00 | NOTE | |||
r-oldrel-macos-x86_64 | 0.1-3 | 53.00 | NOTE | |||
r-oldrel-windows-x86_64 | 0.1-3 | 33.00 | 5.00 | 38.00 | ERROR |
Version: 0.1-3
Check: whether package can be installed
Result: ERROR
Installation failed.
Flavors: r-devel-windows-x86_64, r-release-windows-x86_64, r-oldrel-windows-x86_64
Version: 0.1-3
Check: installed package size
Result: NOTE
installed size is 49.3Mb
sub-directories of 1Mb or more:
libs 49.2Mb
Flavors: r-release-macos-arm64, r-release-macos-x86_64, r-oldrel-macos-arm64, r-oldrel-macos-x86_64