CRAN Package Check Results for Package Rvcg

Last updated on 2024-02-28 00:56:32 CET.

Flavor Version Tinstall Tcheck Ttotal Status Flags
r-devel-linux-x86_64-debian-clang 0.22.2 768.81 54.23 823.04 OK
r-devel-linux-x86_64-debian-gcc 0.22.2 672.36 47.59 719.95 OK
r-devel-linux-x86_64-fedora-clang 0.22.2 1345.15 OK
r-devel-linux-x86_64-fedora-gcc 0.22.2 1412.49 OK
r-devel-windows-x86_64 0.22.2 635.00 117.00 752.00 OK
r-patched-linux-x86_64 0.22.2 782.65 60.84 843.49 OK
r-release-linux-x86_64 0.22.2 822.32 61.15 883.47 OK
r-release-macos-arm64 0.22.2 244.00 NOTE
r-release-macos-x86_64 0.22.2 233.00 NOTE
r-release-windows-x86_64 0.22.2 816.00 136.00 952.00 OK
r-oldrel-macos-arm64 0.22.2 228.00 NOTE
r-oldrel-windows-x86_64 0.22.2 746.00 118.00 864.00 OK

Check Details

Version: 0.22.2
Check: installed package size
Result: NOTE installed size is 45.3Mb sub-directories of 1Mb or more: libs 44.1Mb Flavors: r-release-macos-arm64, r-release-macos-x86_64, r-oldrel-macos-arm64