Last updated on 2024-04-20 08:51:11 CEST.
Flavor | Version | Tinstall | Tcheck | Ttotal | Status | Flags |
---|---|---|---|---|---|---|
r-devel-linux-x86_64-debian-clang | 1.0.0 | 7.77 | 72.59 | 80.36 | OK | |
r-devel-linux-x86_64-debian-gcc | 1.0.0 | 6.12 | 54.44 | 60.56 | OK | |
r-devel-linux-x86_64-fedora-clang | 1.0.0 | 101.65 | NOTE | |||
r-devel-linux-x86_64-fedora-gcc | 1.0.0 | 96.87 | NOTE | |||
r-prerel-macos-arm64 | 1.0.0 | 33.00 | OK | |||
r-prerel-windows-x86_64 | 1.0.0 | 9.00 | 70.00 | 79.00 | OK | |
r-patched-linux-x86_64 | 1.0.0 | 7.87 | 69.74 | 77.61 | OK | |
r-release-linux-x86_64 | 1.0.0 | 7.69 | 68.72 | 76.41 | OK | |
r-release-macos-arm64 | 1.0.0 | 39.00 | OK | |||
r-release-macos-x86_64 | 1.0.0 | 48.00 | OK | |||
r-release-windows-x86_64 | 1.0.0 | 11.00 | 79.00 | 90.00 | OK | |
r-oldrel-macos-arm64 | 1.0.0 | 25.00 | OK | |||
r-oldrel-windows-x86_64 | 1.0.0 | 12.00 | 89.00 | 101.00 | OK |
Version: 1.0.0
Check: data for non-ASCII characters
Result: NOTE
Note: found 4 marked UTF-8 strings
Flavors: r-devel-linux-x86_64-fedora-clang, r-devel-linux-x86_64-fedora-gcc