CRAN Package Check Results for Package SBmedian

Last updated on 2024-02-29 08:49:07 CET.

Flavor Version Tinstall Tcheck Ttotal Status Flags
r-devel-linux-x86_64-debian-clang 0.1.1 37.27 79.62 116.89 NOTE
r-devel-linux-x86_64-debian-gcc 0.1.1 31.63 64.32 95.95 NOTE
r-devel-linux-x86_64-fedora-clang 0.1.1 162.05 NOTE
r-devel-linux-x86_64-fedora-gcc 0.1.1 151.96 NOTE
r-devel-windows-x86_64 0.1.1 31.00 98.00 129.00 NOTE
r-patched-linux-x86_64 0.1.1 41.79 80.63 122.42 NOTE
r-release-linux-x86_64 0.1.1 37.41 78.34 115.75 NOTE
r-release-macos-arm64 0.1.1 48.00 NOTE
r-release-macos-x86_64 0.1.1 73.00 NOTE
r-release-windows-x86_64 0.1.1 39.00 111.00 150.00 NOTE
r-oldrel-macos-arm64 0.1.1 38.00 OK
r-oldrel-windows-x86_64 0.1.1 39.00 104.00 143.00 OK

Check Details

Version: 0.1.1
Check: C++ specification
Result: NOTE Specified C++11: please drop specification unless essential Flavors: r-devel-linux-x86_64-debian-clang, r-devel-linux-x86_64-debian-gcc, r-devel-linux-x86_64-fedora-clang, r-devel-linux-x86_64-fedora-gcc, r-devel-windows-x86_64, r-patched-linux-x86_64, r-release-linux-x86_64, r-release-macos-arm64, r-release-macos-x86_64, r-release-windows-x86_64