CRAN Package Check Results for Package SC2API

Last updated on 2024-02-26 00:50:58 CET.

Flavor Version Tinstall Tcheck Ttotal Status Flags
r-devel-linux-x86_64-debian-clang 1.0.0 3.28 46.46 49.74 NOTE
r-devel-linux-x86_64-debian-gcc 1.0.0 2.39 34.78 37.17 NOTE
r-devel-linux-x86_64-fedora-clang 1.0.0 62.84 NOTE
r-devel-linux-x86_64-fedora-gcc 1.0.0 70.51 NOTE
r-devel-windows-x86_64 1.0.0 4.00 64.00 68.00 NOTE
r-patched-linux-x86_64 1.0.0 4.03 44.53 48.56 NOTE
r-release-linux-x86_64 1.0.0 2.75 43.64 46.39 NOTE
r-release-macos-arm64 1.0.0 31.00 NOTE
r-release-macos-x86_64 1.0.0 40.00 NOTE
r-release-windows-x86_64 1.0.0 5.00 68.00 73.00 NOTE
r-oldrel-macos-arm64 1.0.0 28.00 NOTE
r-oldrel-windows-x86_64 1.0.0 5.00 68.00 73.00 NOTE

Check Details

Version: 1.0.0
Check: LazyData
Result: NOTE 'LazyData' is specified without a 'data' directory Flavors: r-devel-linux-x86_64-debian-clang, r-devel-linux-x86_64-debian-gcc, r-devel-linux-x86_64-fedora-clang, r-devel-linux-x86_64-fedora-gcc, r-devel-windows-x86_64, r-patched-linux-x86_64, r-release-linux-x86_64, r-release-macos-arm64, r-release-macos-x86_64, r-release-windows-x86_64, r-oldrel-macos-arm64, r-oldrel-windows-x86_64