CRAN Package Check Results for Package SCDB

Last updated on 2024-03-03 01:00:56 CET.

Flavor Version Tinstall Tcheck Ttotal Status Flags
r-devel-linux-x86_64-debian-clang 0.3 12.50 170.38 182.88 OK
r-devel-linux-x86_64-debian-gcc 0.3 8.92 127.94 136.86 OK
r-devel-linux-x86_64-fedora-clang 0.3 233.75 NOTE
r-devel-linux-x86_64-fedora-gcc 0.3 222.27 OK
r-devel-windows-x86_64 0.3 11.00 136.00 147.00 OK
r-patched-linux-x86_64 0.3 11.85 166.82 178.67 OK
r-release-linux-x86_64 0.3 7.14 166.07 173.21 OK
r-release-macos-arm64 0.3 80.00 OK
r-release-macos-x86_64 0.3 159.00 OK
r-release-windows-x86_64 0.3 14.00 183.00 197.00 OK
r-oldrel-macos-arm64 0.3 71.00 OK
r-oldrel-windows-x86_64 0.3 13.00 179.00 192.00 OK

Check Details

Version: 0.3
Check: Rd cross-references
Result: NOTE Undeclared package ‘bit64’ in Rd xrefs Flavor: r-devel-linux-x86_64-fedora-clang