CRAN Package Check Results for Package SCEM

Last updated on 2024-03-03 01:00:56 CET.

Flavor Version Tinstall Tcheck Ttotal Status Flags
r-devel-linux-x86_64-debian-clang 1.1.0 2.03 248.62 250.65 OK
r-devel-linux-x86_64-debian-gcc 1.1.0 1.93 177.99 179.92 OK
r-devel-linux-x86_64-fedora-clang 1.1.0 313.97 NOTE
r-devel-linux-x86_64-fedora-gcc 1.1.0 310.05 NOTE
r-devel-windows-x86_64 1.1.0 5.00 164.00 169.00 OK
r-patched-linux-x86_64 1.1.0 2.28 243.48 245.76 OK
r-release-linux-x86_64 1.1.0 2.48 244.75 247.23 OK
r-release-macos-arm64 1.1.0 86.00 OK
r-release-macos-x86_64 1.1.0 169.00 OK
r-release-windows-x86_64 1.1.0 6.00 248.00 254.00 OK
r-oldrel-macos-arm64 1.1.0 77.00 NOTE
r-oldrel-windows-x86_64 1.1.0 6.00 230.00 236.00 OK

Check Details

Version: 1.1.0
Check: dependencies in R code
Result: NOTE Namespaces in Imports field not imported from: ‘devtools’ ‘mathjaxr’ All declared Imports should be used. Flavors: r-devel-linux-x86_64-fedora-clang, r-devel-linux-x86_64-fedora-gcc, r-oldrel-macos-arm64