CRAN Package Check Results for Package SCEPtERbinary

Last updated on 2024-02-21 00:54:40 CET.

Flavor Version Tinstall Tcheck Ttotal Status Flags
r-devel-linux-x86_64-debian-clang 0.1-1 OK
r-devel-linux-x86_64-debian-gcc 0.1-1 2.38 21.96 24.34 OK
r-devel-linux-x86_64-fedora-clang 0.1-1 39.07 NOTE
r-devel-linux-x86_64-fedora-gcc 0.1-1 37.87 NOTE
r-devel-windows-x86_64 0.1-1 6.00 51.00 57.00 OK
r-patched-linux-x86_64 0.1-1 3.32 26.33 29.65 OK
r-release-linux-x86_64 0.1-1 3.70 25.85 29.55 OK
r-release-macos-arm64 0.1-1 19.00 OK
r-release-macos-x86_64 0.1-1 24.00 OK
r-release-windows-x86_64 0.1-1 6.00 50.00 56.00 OK
r-oldrel-macos-arm64 0.1-1 19.00 OK
r-oldrel-windows-x86_64 0.1-1 5.00 48.00 53.00 OK

Check Details

Version: 0.1-1
Check: compiled code
Result: NOTE File ‘SCEPtERbinary/libs/SCEPtERbinary.so’: Found no calls to: ‘R_registerRoutines’, ‘R_useDynamicSymbols’ It is good practice to register native routines and to disable symbol search. See ‘Writing portable packages’ in the ‘Writing R Extensions’ manual. Flavors: r-devel-linux-x86_64-fedora-clang, r-devel-linux-x86_64-fedora-gcc