CRAN Package Check Results for Package SCORPION

Last updated on 2024-06-17 00:50:11 CEST.

Flavor Version Tinstall Tcheck Ttotal Status Flags
r-devel-linux-x86_64-debian-clang 1.0.2 10.29 81.45 91.74 OK
r-devel-linux-x86_64-debian-gcc 1.0.2 6.77 61.73 68.50 OK
r-devel-linux-x86_64-fedora-clang 1.0.2 117.50 NOTE
r-devel-linux-x86_64-fedora-gcc 1.0.2 106.49 NOTE
r-devel-windows-x86_64 1.0.2 8.00 74.00 82.00 OK
r-patched-linux-x86_64 1.0.2 8.56 78.84 87.40 OK
r-release-linux-x86_64 1.0.2 7.91 83.16 91.07 OK
r-release-macos-arm64 1.0.2 36.00 OK
r-release-macos-x86_64 1.0.2 82.00 OK
r-release-windows-x86_64 1.0.2 9.00 75.00 84.00 OK
r-oldrel-macos-arm64 1.0.2 44.00 OK
r-oldrel-macos-x86_64 1.0.2 86.00 OK
r-oldrel-windows-x86_64 1.0.2 10.00 93.00 103.00 OK

Check Details

Version: 1.0.2
Check: dependencies in R code
Result: NOTE Namespace in Imports field not imported from: ‘RhpcBLASctl’ All declared Imports should be used. Flavors: r-devel-linux-x86_64-fedora-clang, r-devel-linux-x86_64-fedora-gcc