CRAN Package Check Results for Package SCORPION

Last updated on 2024-02-24 08:49:49 CET.

Flavor Version Tinstall Tcheck Ttotal Status Flags
r-devel-linux-x86_64-debian-clang 1.0.1 7.68 80.84 88.52 OK
r-devel-linux-x86_64-debian-gcc 1.0.1 7.71 63.06 70.77 OK
r-devel-linux-x86_64-fedora-clang 1.0.1 111.64 NOTE
r-devel-linux-x86_64-fedora-gcc 1.0.1 109.12 NOTE
r-devel-windows-x86_64 1.0.1 8.00 76.00 84.00 OK
r-patched-linux-x86_64 1.0.1 9.85 81.41 91.26 OK
r-release-linux-x86_64 1.0.1 10.07 81.93 92.00 OK
r-release-macos-arm64 1.0.1 37.00 OK
r-release-macos-x86_64 1.0.1 58.00 OK
r-release-windows-x86_64 1.0.1 11.00 89.00 100.00 OK
r-oldrel-macos-arm64 1.0.1 35.00 NOTE
r-oldrel-windows-x86_64 1.0.1 11.00 96.00 107.00 OK

Check Details

Version: 1.0.1
Check: dependencies in R code
Result: NOTE Namespace in Imports field not imported from: ‘RhpcBLASctl’ All declared Imports should be used. Flavors: r-devel-linux-x86_64-fedora-clang, r-devel-linux-x86_64-fedora-gcc, r-oldrel-macos-arm64