CRAN Package Check Results for Package SDAR

Last updated on 2024-03-03 01:00:56 CET.

Flavor Version Tinstall Tcheck Ttotal Status Flags
r-devel-linux-x86_64-debian-clang 0.9-55 7.75 75.21 82.96 OK
r-devel-linux-x86_64-debian-gcc 0.9-55 7.68 55.92 63.60 OK
r-devel-linux-x86_64-fedora-clang 0.9-55 109.43 NOTE
r-devel-linux-x86_64-fedora-gcc 0.9-55 110.74 NOTE
r-devel-windows-x86_64 0.9-55 12.00 73.00 85.00 OK
r-patched-linux-x86_64 0.9-55 9.06 72.95 82.01 OK
r-release-linux-x86_64 0.9-55 6.44 72.51 78.95 OK
r-release-macos-arm64 0.9-55 42.00 OK
r-release-macos-x86_64 0.9-55 63.00 OK
r-release-windows-x86_64 0.9-55 14.00 86.00 100.00 OK
r-oldrel-macos-arm64 0.9-55 32.00 NOTE
r-oldrel-windows-x86_64 0.9-55 13.00 84.00 97.00 OK

Check Details

Version: 0.9-55
Check: data for non-ASCII characters
Result: NOTE Note: found 2 marked UTF-8 strings Flavors: r-devel-linux-x86_64-fedora-clang, r-devel-linux-x86_64-fedora-gcc, r-oldrel-macos-arm64