Last updated on 2023-12-10 08:48:38 CET.
Flavor | Version | Tinstall | Tcheck | Ttotal | Status | Flags |
---|---|---|---|---|---|---|
r-devel-linux-x86_64-debian-clang | 1.2.0 | 14.54 | 133.73 | 148.27 | NOTE | |
r-devel-linux-x86_64-debian-gcc | 1.2.0 | 14.82 | 101.01 | 115.83 | NOTE | |
r-devel-linux-x86_64-fedora-clang | 1.2.0 | 194.87 | OK | |||
r-devel-linux-x86_64-fedora-gcc | 1.2.0 | 182.27 | OK | |||
r-devel-windows-x86_64 | 1.2.0 | 16.00 | 120.00 | 136.00 | OK | |
r-patched-linux-x86_64 | 1.2.0 | 19.67 | 129.99 | 149.66 | OK | |
r-release-linux-x86_64 | 1.2.0 | 17.85 | 128.13 | 145.98 | OK | |
r-release-macos-arm64 | 1.2.0 | 64.00 | OK | |||
r-release-macos-x86_64 | 1.2.0 | 169.00 | OK | |||
r-release-windows-x86_64 | 1.2.0 | 20.00 | 147.00 | 167.00 | OK | |
r-oldrel-macos-arm64 | 1.2.0 | 56.00 | OK | |||
r-oldrel-macos-x86_64 | 1.2.0 | 80.00 | OK | |||
r-oldrel-windows-x86_64 | 1.2.0 | 21.00 | 149.00 | 170.00 | OK |
Version: 1.2.0
Check: Rd files
Result: NOTE
checkRd: (-1) SEMrun.Rd:57: Lost braces; missing escapes or markup?
57 | \code{start = 0.1} generally performs well with {-1, 0, 1} weights.}
| ^
Flavors: r-devel-linux-x86_64-debian-clang, r-devel-linux-x86_64-debian-gcc