CRAN Package Check Results for Package SITH

Last updated on 2024-02-23 08:53:45 CET.

Flavor Version Tinstall Tcheck Ttotal Status Flags
r-devel-linux-x86_64-debian-clang 1.1.0 OK
r-devel-linux-x86_64-debian-gcc 1.1.0 42.15 50.58 92.73 OK
r-devel-linux-x86_64-fedora-clang 1.1.0 175.60 OK
r-devel-linux-x86_64-fedora-gcc 1.1.0 205.49 NOTE
r-devel-windows-x86_64 1.1.0 43.00 96.00 139.00 OK
r-patched-linux-x86_64 1.1.0 54.03 63.68 117.71 OK
r-release-linux-x86_64 1.1.0 53.86 64.39 118.25 OK
r-release-macos-arm64 1.1.0 88.00 OK
r-release-macos-x86_64 1.1.0 141.00 OK
r-release-windows-x86_64 1.1.0 43.00 112.00 155.00 OK
r-oldrel-macos-arm64 1.1.0 77.00 OK
r-oldrel-windows-x86_64 1.1.0 55.00 110.00 165.00 OK

Check Details

Version: 1.1.0
Check: for detritus in the temp directory
Result: NOTE Found the following files/directories: ‘Crashpad’ Flavor: r-devel-linux-x86_64-fedora-gcc