Last updated on 2024-05-13 08:50:27 CEST.
Flavor | Version | Tinstall | Tcheck | Ttotal | Status | Flags |
---|---|---|---|---|---|---|
r-devel-linux-x86_64-debian-clang | 0.5.0 | 194.25 | 174.74 | 368.99 | NOTE | |
r-devel-linux-x86_64-debian-gcc | 0.5.0 | 148.21 | 122.89 | 271.10 | NOTE | |
r-devel-linux-x86_64-fedora-clang | 0.5.0 | 515.68 | NOTE | |||
r-devel-linux-x86_64-fedora-gcc | 0.5.0 | 600.37 | NOTE | |||
r-devel-windows-x86_64 | 0.5.0 | 148.00 | 216.00 | 364.00 | NOTE | |
r-patched-linux-x86_64 | 0.5.0 | 152.58 | 171.09 | 323.67 | NOTE | |
r-release-linux-x86_64 | 0.5.0 | 168.91 | 173.49 | 342.40 | NOTE | |
r-release-macos-arm64 | 0.5.0 | 115.00 | NOTE | |||
r-release-windows-x86_64 | 0.5.0 | 150.00 | 203.00 | 353.00 | NOTE | |
r-oldrel-macos-arm64 | 0.5.0 | 147.00 | NOTE | |||
r-oldrel-macos-x86_64 | 0.5.0 | 236.00 | NOTE | |||
r-oldrel-windows-x86_64 | 0.5.0 | 182.00 | 229.00 | 411.00 | NOTE |
Version: 0.5.0
Check: C++ specification
Result: NOTE
Specified C++11: please drop specification unless essential
Flavors: r-devel-linux-x86_64-debian-clang, r-devel-linux-x86_64-debian-gcc, r-devel-linux-x86_64-fedora-clang, r-devel-linux-x86_64-fedora-gcc, r-devel-windows-x86_64, r-patched-linux-x86_64, r-release-linux-x86_64, r-release-macos-arm64, r-release-windows-x86_64, r-oldrel-macos-arm64, r-oldrel-macos-x86_64, r-oldrel-windows-x86_64
Version: 0.5.0
Check: dependencies in R code
Result: NOTE
Namespaces in Imports field not imported from:
‘checkmate’ ‘glmnet’ ‘mice’
All declared Imports should be used.
Flavors: r-devel-linux-x86_64-fedora-clang, r-devel-linux-x86_64-fedora-gcc
Version: 0.5.0
Check: installed package size
Result: NOTE
installed size is 8.9Mb
sub-directories of 1Mb or more:
libs 8.4Mb
Flavors: r-release-macos-arm64, r-oldrel-macos-arm64, r-oldrel-macos-x86_64
Version: 0.5.0
Check: package dependencies
Result: NOTE
Package suggested but not available for checking: ‘caret’
Flavor: r-oldrel-macos-x86_64
Version: 0.5.0
Check: Rd cross-references
Result: NOTE
Package unavailable to check Rd xrefs: ‘caret’
Flavor: r-oldrel-macos-x86_64