Last updated on 2024-05-05 16:52:10 CEST.
Flavor | Version | Tinstall | Tcheck | Ttotal | Status | Flags |
---|---|---|---|---|---|---|
r-devel-linux-x86_64-debian-clang | 0.1.5 | 0.89 | 2.32 | 3.21 | ERROR | |
r-devel-linux-x86_64-debian-gcc | 0.1.5 | 45.13 | 406.48 | 451.61 | OK | |
r-devel-linux-x86_64-fedora-clang | 0.1.5 | 829.00 | OK | |||
r-devel-linux-x86_64-fedora-gcc | 0.1.5 | 755.44 | OK | |||
r-devel-windows-x86_64 | 0.1.5 | 50.00 | 454.00 | 504.00 | OK | |
r-patched-linux-x86_64 | 0.1.5 | 57.62 | 525.45 | 583.07 | OK | |
r-release-linux-x86_64 | 0.1.5 | 47.20 | 522.37 | 569.57 | OK | |
r-release-macos-arm64 | 0.1.5 | 214.00 | OK | |||
r-release-macos-x86_64 | 0.1.5 | 376.00 | OK | |||
r-release-windows-x86_64 | 0.1.5 | 53.00 | 600.00 | 653.00 | OK | |
r-oldrel-macos-arm64 | 0.1.5 | 11.00 | ERROR | |||
r-oldrel-macos-x86_64 | 0.1.5 | 6.00 | ERROR | |||
r-oldrel-windows-x86_64 | 0.1.5 | 71.00 | 552.00 | 623.00 | OK |
Version: 0.1.5
Check: package dependencies
Result: ERROR
Package required but not available: ‘GSVA’
See section ‘The DESCRIPTION file’ in the ‘Writing R Extensions’
manual.
Flavors: r-devel-linux-x86_64-debian-clang, r-oldrel-macos-arm64, r-oldrel-macos-x86_64