CRAN Package Check Results for Package SP2000

Last updated on 2024-02-26 16:56:38 CET.

Flavor Version Tinstall Tcheck Ttotal Status Flags
r-devel-linux-x86_64-debian-clang 0.2.0 7.36 67.34 74.70 NOTE
r-devel-linux-x86_64-debian-gcc 0.2.0 5.83 50.60 56.43 NOTE
r-devel-linux-x86_64-fedora-clang 0.2.0 91.83 NOTE
r-devel-linux-x86_64-fedora-gcc 0.2.0 87.33 NOTE
r-devel-windows-x86_64 0.2.0 8.00 69.00 77.00 NOTE
r-patched-linux-x86_64 0.2.0 6.57 64.89 71.46 NOTE
r-release-linux-x86_64 0.2.0 4.83 63.60 68.43 NOTE
r-release-macos-arm64 0.2.0 29.00 NOTE
r-release-macos-x86_64 0.2.0 47.00 NOTE
r-release-windows-x86_64 0.2.0 10.00 81.00 91.00 NOTE
r-oldrel-macos-arm64 0.2.0 26.00 NOTE
r-oldrel-windows-x86_64 0.2.0 10.00 83.00 93.00 NOTE

Check Details

Version: 0.2.0
Check: LazyData
Result: NOTE 'LazyData' is specified without a 'data' directory Flavors: r-devel-linux-x86_64-debian-clang, r-devel-linux-x86_64-debian-gcc, r-devel-linux-x86_64-fedora-clang, r-devel-linux-x86_64-fedora-gcc, r-devel-windows-x86_64, r-patched-linux-x86_64, r-release-linux-x86_64, r-release-macos-arm64, r-release-macos-x86_64, r-release-windows-x86_64, r-oldrel-macos-arm64, r-oldrel-windows-x86_64