Last updated on 2024-04-27 08:48:42 CEST.
Flavor | Version | Tinstall | Tcheck | Ttotal | Status | Flags |
---|---|---|---|---|---|---|
r-devel-linux-x86_64-debian-clang | 1.0.0 | 20.35 | 396.26 | 416.61 | OK | |
r-devel-linux-x86_64-debian-gcc | 1.0.0 | 20.99 | 292.66 | 313.65 | OK | |
r-devel-linux-x86_64-fedora-clang | 1.0.0 | 565.22 | OK | |||
r-devel-linux-x86_64-fedora-gcc | 1.0.0 | 557.63 | OK | |||
r-devel-windows-x86_64 | 1.0.0 | 24.00 | 306.00 | 330.00 | OK | |
r-patched-linux-x86_64 | 1.0.0 | 24.85 | 383.64 | 408.49 | OK | |
r-release-linux-x86_64 | 1.0.0 | 18.72 | 392.60 | 411.32 | OK | |
r-release-macos-arm64 | 1.0.0 | 164.00 | NOTE | |||
r-release-windows-x86_64 | 1.0.0 | 22.00 | 299.00 | 321.00 | OK | |
r-oldrel-macos-arm64 | 1.0.0 | 163.00 | NOTE | |||
r-oldrel-macos-x86_64 | 1.0.0 | 390.00 | NOTE | |||
r-oldrel-windows-x86_64 | 1.0.0 | 33.00 | 386.00 | 419.00 | OK |
Version: 1.0.0
Check: installed package size
Result: NOTE
installed size is 5.5Mb
sub-directories of 1Mb or more:
data 4.8Mb
Flavors: r-release-macos-arm64, r-oldrel-macos-arm64, r-oldrel-macos-x86_64