CRAN Package Check Results for Package STEPCAM

Last updated on 2024-04-15 21:54:51 CEST.

Flavor Version Tinstall Tcheck Ttotal Status Flags
r-devel-linux-x86_64-debian-clang 1.2 8.83 168.38 177.21 NOTE
r-devel-linux-x86_64-debian-gcc 1.2 7.85 121.28 129.13 NOTE
r-devel-linux-x86_64-fedora-clang 1.2 212.77 NOTE
r-devel-linux-x86_64-fedora-gcc 1.2 214.60 NOTE
r-prerel-macos-arm64 1.2 65.00 NOTE
r-prerel-windows-x86_64 1.2 10.00 126.00 136.00 NOTE
r-patched-linux-x86_64 1.2 10.23 152.93 163.16 NOTE
r-release-linux-x86_64 1.2 8.90 160.62 169.52 OK
r-release-macos-arm64 1.2 69.00 OK
r-release-macos-x86_64 1.2 113.00 OK
r-release-windows-x86_64 1.2 15.00 161.00 176.00 OK
r-oldrel-macos-arm64 1.2 57.00 OK
r-oldrel-windows-x86_64 1.2 13.00 166.00 179.00 OK

Check Details

Version: 1.2
Check: Rd files
Result: NOTE checkRd: (-1) STEPCAM_ABC.Rd:19: Lost braces 19 | \code{rows}{ every row corresponds to a different plot or community} \cr | ^ checkRd: (-1) STEPCAM_ABC.Rd:20: Lost braces 20 | \code{columns}{ every column corresponds to a different species.} \cr | ^ checkRd: (-1) STEPCAM_ABC.Rd:25: Lost braces 25 | \code{rows}{ every row corresponds to a different species} \cr | ^ checkRd: (-1) STEPCAM_ABC.Rd:26: Lost braces 26 | \code{columns}{ the first column contains the name of the species, every consecutive column corresponds to a different trait} \cr | ^ checkRd: (-1) plotSTEPCAM.Rd:16: Lost braces 16 | - \code{DA}{ a vector containing the posterior distribution for the parameter dispersal assembly} \cr | ^ checkRd: (-1) plotSTEPCAM.Rd:17: Lost braces 17 | - \code{HF}{ a vector containing the posterior distribution for the parameter habitat filtering} \cr | ^ checkRd: (-1) plotSTEPCAM.Rd:18: Lost braces 18 | - \code{LS}{ a vector containing the posterior distribution for the parameter limiting similarity} \cr | ^ Flavors: r-devel-linux-x86_64-debian-clang, r-devel-linux-x86_64-debian-gcc, r-devel-linux-x86_64-fedora-clang, r-devel-linux-x86_64-fedora-gcc, r-prerel-macos-arm64, r-prerel-windows-x86_64, r-patched-linux-x86_64