Last updated on 2023-12-04 00:52:58 CET.
Flavor | Version | Tinstall | Tcheck | Ttotal | Status | Flags |
---|---|---|---|---|---|---|
r-devel-linux-x86_64-debian-clang | 1.3.0 | 25.09 | 162.25 | 187.34 | NOTE | |
r-devel-linux-x86_64-debian-gcc | 1.3.0 | 19.52 | 117.89 | 137.41 | NOTE | |
r-devel-linux-x86_64-fedora-clang | 1.3.0 | 229.70 | NOTE | |||
r-devel-linux-x86_64-fedora-gcc | 1.3.0 | 231.88 | OK | |||
r-devel-windows-x86_64 | 1.3.0 | 23.00 | 130.00 | 153.00 | NOTE | |
r-patched-linux-x86_64 | 1.3.0 | 19.13 | 153.02 | 172.15 | NOTE | |
r-release-linux-x86_64 | 1.3.0 | 21.19 | 152.74 | 173.93 | NOTE | |
r-release-macos-arm64 | 1.3.0 | 69.00 | NOTE | |||
r-release-macos-x86_64 | 1.3.0 | 116.00 | NOTE | |||
r-release-windows-x86_64 | 1.3.0 | 29.00 | 162.00 | 191.00 | NOTE | |
r-oldrel-macos-arm64 | 1.3.0 | 64.00 | NOTE | |||
r-oldrel-macos-x86_64 | 1.3.0 | 87.00 | NOTE | |||
r-oldrel-windows-x86_64 | 1.3.0 | 30.00 | 156.00 | 186.00 | NOTE |
Version: 1.3.0
Check: package dependencies
Result: NOTE
Package suggested but not available for checking: ‘INLA’
Flavors: r-devel-linux-x86_64-debian-clang, r-devel-linux-x86_64-debian-gcc, r-devel-windows-x86_64, r-patched-linux-x86_64, r-release-linux-x86_64, r-release-macos-arm64, r-release-macos-x86_64, r-release-windows-x86_64, r-oldrel-macos-arm64, r-oldrel-macos-x86_64, r-oldrel-windows-x86_64
Version: 1.3.0
Check: Rd files
Result: NOTE
checkRd: (-1) plot.SUMMERproj.Rd:62: Lost braces in \itemize; meant \describe ?
checkRd: (-1) plot.SUMMERproj.Rd:63: Lost braces in \itemize; meant \describe ?
checkRd: (-1) plot.SUMMERproj.Rd:64: Lost braces in \itemize; meant \describe ?
Flavors: r-devel-linux-x86_64-debian-clang, r-devel-linux-x86_64-debian-gcc
Version: 1.3.0
Check: installed package size
Result: NOTE
installed size is 5.7Mb
sub-directories of 1Mb or more:
data 1.7Mb
doc 3.3Mb
Flavors: r-devel-linux-x86_64-fedora-clang, r-devel-windows-x86_64, r-release-macos-arm64, r-release-macos-x86_64, r-release-windows-x86_64, r-oldrel-macos-arm64, r-oldrel-macos-x86_64, r-oldrel-windows-x86_64