CRAN Package Check Results for Package ScriptMapR

Last updated on 2024-02-25 16:51:58 CET.

Flavor Version Tinstall Tcheck Ttotal Status Flags
r-devel-linux-x86_64-debian-clang 0.0.3 12.36 96.57 108.93 NOTE
r-devel-linux-x86_64-debian-gcc 0.0.3 10.78 70.29 81.07 NOTE
r-devel-linux-x86_64-fedora-clang 0.0.3 129.75 NOTE
r-devel-linux-x86_64-fedora-gcc 0.0.3 123.71 NOTE
r-devel-windows-x86_64 0.0.3 12.00 80.00 92.00 NOTE
r-patched-linux-x86_64 0.0.3 12.41 90.43 102.84 NOTE
r-release-linux-x86_64 0.0.3 15.03 90.47 105.50 NOTE
r-release-macos-arm64 0.0.3 41.00 NOTE
r-release-macos-x86_64 0.0.3 87.00 NOTE
r-release-windows-x86_64 0.0.3 16.00 103.00 119.00 NOTE
r-oldrel-macos-arm64 0.0.3 43.00 NOTE
r-oldrel-windows-x86_64 0.0.3 15.00 106.00 121.00 NOTE

Check Details

Version: 0.0.3
Check: LazyData
Result: NOTE 'LazyData' is specified without a 'data' directory Flavors: r-devel-linux-x86_64-debian-clang, r-devel-linux-x86_64-debian-gcc, r-devel-linux-x86_64-fedora-clang, r-devel-linux-x86_64-fedora-gcc, r-devel-windows-x86_64, r-patched-linux-x86_64, r-release-linux-x86_64, r-release-macos-arm64, r-release-macos-x86_64, r-release-windows-x86_64, r-oldrel-macos-arm64, r-oldrel-windows-x86_64