CRAN Package Check Results for Package SeedMatchR

Last updated on 2024-03-03 01:00:56 CET.

Flavor Version Tinstall Tcheck Ttotal Status Flags
r-devel-linux-x86_64-debian-clang 1.1.1 0.67 2.03 2.70 ERROR
r-devel-linux-x86_64-debian-gcc 1.1.1 4.43 57.61 62.04 OK
r-devel-linux-x86_64-fedora-clang 1.1.1 104.76 NOTE
r-devel-linux-x86_64-fedora-gcc 1.1.1 114.26 NOTE
r-devel-windows-x86_64 1.1.1 7.00 77.00 84.00 OK
r-patched-linux-x86_64 1.1.1 4.13 74.06 78.19 OK
r-release-linux-x86_64 1.1.1 3.93 75.23 79.16 OK
r-release-macos-arm64 1.1.1 9.00 ERROR
r-release-macos-x86_64 1.1.1 8.00 ERROR
r-release-windows-x86_64 1.1.1 9.00 93.00 102.00 OK
r-oldrel-macos-arm64 1.1.1 10.00 ERROR
r-oldrel-windows-x86_64 1.1.1 9.00 93.00 102.00 OK

Check Details

Version: 1.1.1
Check: package dependencies
Result: ERROR Packages required but not available: 'ggmsa', 'msa' See section ‘The DESCRIPTION file’ in the ‘Writing R Extensions’ manual. Flavor: r-devel-linux-x86_64-debian-clang

Version: 1.1.1
Check: dependencies in R code
Result: NOTE Namespaces in Imports field not imported from: ‘cowplot’ ‘testit’ All declared Imports should be used. Flavors: r-devel-linux-x86_64-fedora-clang, r-devel-linux-x86_64-fedora-gcc

Version: 1.1.1
Check: package dependencies
Result: ERROR Packages required but not available: 'ggmsa', 'msa' Package suggested but not available for checking: ‘org.Rn.eg.db’ See section ‘The DESCRIPTION file’ in the ‘Writing R Extensions’ manual. Flavors: r-release-macos-arm64, r-release-macos-x86_64, r-oldrel-macos-arm64