CRAN Package Check Results for Package SemiEstimate

Last updated on 2024-02-26 08:48:57 CET.

Flavor Version Tinstall Tcheck Ttotal Status Flags
r-devel-linux-x86_64-debian-clang 1.1.3 2.25 41.16 43.41 NOTE
r-devel-linux-x86_64-debian-gcc 1.1.3 1.94 31.03 32.97 NOTE
r-devel-linux-x86_64-fedora-clang 1.1.3 54.73 NOTE
r-devel-linux-x86_64-fedora-gcc 1.1.3 62.89 NOTE
r-devel-windows-x86_64 1.1.3 2.00 50.00 52.00 NOTE
r-patched-linux-x86_64 1.1.3 2.76 39.30 42.06 NOTE
r-release-linux-x86_64 1.1.3 2.31 39.54 41.85 NOTE
r-release-macos-arm64 1.1.3 29.00 NOTE
r-release-macos-x86_64 1.1.3 41.00 NOTE
r-release-windows-x86_64 1.1.3 3.00 57.00 60.00 NOTE
r-oldrel-macos-arm64 1.1.3 26.00 OK
r-oldrel-windows-x86_64 1.1.3 4.00 60.00 64.00 OK

Check Details

Version: 1.1.3
Check: package subdirectories
Result: NOTE Problems with news in ‘NEWS.md’: No news entries found. Flavors: r-devel-linux-x86_64-debian-clang, r-devel-linux-x86_64-debian-gcc, r-devel-linux-x86_64-fedora-clang, r-devel-linux-x86_64-fedora-gcc, r-devel-windows-x86_64, r-patched-linux-x86_64, r-release-linux-x86_64, r-release-macos-arm64, r-release-macos-x86_64, r-release-windows-x86_64