CRAN Package Check Results for Package SeqNet

Last updated on 2024-02-26 08:48:57 CET.

Flavor Version Tinstall Tcheck Ttotal Status Flags
r-devel-linux-x86_64-debian-clang 1.1.3 91.09 76.80 167.89 OK
r-devel-linux-x86_64-debian-gcc 1.1.3 70.85 58.67 129.52 OK
r-devel-linux-x86_64-fedora-clang 1.1.3 238.08 NOTE
r-devel-linux-x86_64-fedora-gcc 1.1.3 220.75 NOTE
r-devel-windows-x86_64 1.1.3 76.00 122.00 198.00 NOTE
r-patched-linux-x86_64 1.1.3 92.96 76.23 169.19 OK
r-release-linux-x86_64 1.1.3 90.97 74.93 165.90 OK
r-release-macos-arm64 1.1.3 76.00 NOTE
r-release-macos-x86_64 1.1.3 106.00 NOTE
r-release-windows-x86_64 1.1.3 93.00 132.00 225.00 NOTE
r-oldrel-macos-arm64 1.1.3 65.00 NOTE
r-oldrel-windows-x86_64 1.1.3 93.00 115.00 208.00 NOTE

Check Details

Version: 1.1.3
Check: installed package size
Result: NOTE installed size is 5.3Mb sub-directories of 1Mb or more: data 4.7Mb Flavors: r-devel-linux-x86_64-fedora-clang, r-devel-windows-x86_64, r-release-macos-arm64, r-release-macos-x86_64, r-release-windows-x86_64, r-oldrel-macos-arm64, r-oldrel-windows-x86_64

Version: 1.1.3
Check: dependencies in R code
Result: NOTE Namespace in Imports field not imported from: ‘Rdpack’ All declared Imports should be used. Flavors: r-devel-linux-x86_64-fedora-clang, r-devel-linux-x86_64-fedora-gcc, r-oldrel-macos-arm64