CRAN Package Check Results for Package Seurat

Last updated on 2024-02-21 00:54:41 CET.

Flavor Version Tinstall Tcheck Ttotal Status Flags
r-devel-linux-x86_64-debian-clang 5.0.1 NOTE
r-devel-linux-x86_64-debian-gcc 5.0.1 123.76 438.13 561.89 NOTE
r-devel-linux-x86_64-fedora-clang 5.0.1 953.18 NOTE
r-devel-linux-x86_64-fedora-gcc 5.0.1 927.45 NOTE
r-devel-windows-x86_64 5.0.1 128.00 676.00 804.00 NOTE
r-patched-linux-x86_64 5.0.1 175.28 587.25 762.53 NOTE
r-release-linux-x86_64 5.0.1 156.01 571.71 727.72 NOTE
r-release-macos-arm64 5.0.1 225.00 NOTE
r-release-macos-x86_64 5.0.1 766.00 NOTE
r-release-windows-x86_64 5.0.1 165.00 1620.00 1785.00 FAIL
r-oldrel-macos-arm64 5.0.1 222.00 NOTE
r-oldrel-windows-x86_64 5.0.1 164.00 1742.00 1906.00 NOTE

Check Details

Version: 5.0.1
Check: package dependencies
Result: NOTE Packages suggested but not available for checking: 'BPCells', 'monocle', 'presto' Flavors: r-devel-linux-x86_64-debian-clang, r-devel-linux-x86_64-debian-gcc, r-devel-linux-x86_64-fedora-gcc, r-patched-linux-x86_64, r-release-linux-x86_64, r-release-macos-arm64, r-release-macos-x86_64, r-oldrel-macos-arm64

Version: 5.0.1
Check: package dependencies
Result: NOTE Packages suggested but not available for checking: 'BPCells', 'monocle', 'presto' Imports includes 47 non-default packages. Importing from so many packages makes the package vulnerable to any of them becoming unavailable. Move as many as possible to Suggests and use conditionally. Flavor: r-devel-linux-x86_64-fedora-clang

Version: 5.0.1
Check: Rd cross-references
Result: NOTE Undeclared package ‘Signac’ in Rd xrefs Flavor: r-devel-linux-x86_64-fedora-clang

Version: 5.0.1
Check: package dependencies
Result: NOTE Packages suggested but not available for checking: 'BPCells', 'presto' Flavors: r-devel-windows-x86_64, r-release-windows-x86_64, r-oldrel-windows-x86_64

Version: 5.0.1
Check: installed package size
Result: NOTE installed size is 10.3Mb sub-directories of 1Mb or more: R 2.0Mb libs 7.4Mb Flavors: r-release-macos-arm64, r-release-macos-x86_64, r-oldrel-macos-arm64

Version: 5.0.1
Check: tests
Result: FAIL Check process probably crashed or hung up for 20 minutes ... killed Most likely this happened in the example checks (?), if not, ignore the following last lines of example output: > ### Aliases: contrast-theory Intensity Luminance > > ### ** Examples > > Intensity(color = c('black', 'white', '#E76BF3')) black white #E76BF3 0.00 255.00 159.58 > > Luminance(color = c('black', 'white', '#E76BF3')) black white #E76BF3 0.0000000 1.0000000 0.3397538 > > > > > ### * <FOOTER> > ### > cleanEx() > options(digits = 7L) > base::cat("Time elapsed: ", proc.time() - base::get("ptime", pos = 'CheckExEnv'),"\n") Time elapsed: 67.72 1.08 68.8 NA NA > grDevices::dev.off() null device 1 > ### > ### Local variables: *** > ### mode: outline-minor *** > ### outline-regexp: "\\(> \\)?### [*]+" *** > ### End: *** > quit('no') ======== End of example output (where/before crash/hang up occured ?) ======== Flavor: r-release-windows-x86_64