CRAN Package Check Results for Package ShellChron

Last updated on 2024-02-28 00:56:33 CET.

Flavor Version Tinstall Tcheck Ttotal Status Flags
r-devel-linux-x86_64-debian-clang 0.4.0 5.50 51.53 57.03 NOTE
r-devel-linux-x86_64-debian-gcc 0.4.0 3.89 39.46 43.35 NOTE
r-devel-linux-x86_64-fedora-clang 0.4.0 72.15 NOTE
r-devel-linux-x86_64-fedora-gcc 0.4.0 71.48 NOTE
r-devel-windows-x86_64 0.4.0 6.00 63.00 69.00 OK
r-patched-linux-x86_64 0.4.0 4.43 50.36 54.79 OK
r-release-linux-x86_64 0.4.0 4.32 50.57 54.89 OK
r-release-macos-arm64 0.4.0 26.00 OK
r-release-macos-x86_64 0.4.0 38.00 OK
r-release-windows-x86_64 0.4.0 7.00 67.00 74.00 OK
r-oldrel-macos-arm64 0.4.0 25.00 OK
r-oldrel-windows-x86_64 0.4.0 8.00 68.00 76.00 OK

Check Details

Version: 0.4.0
Check: Rd files
Result: NOTE checkRd: (-1) age_corr.Rd:15: Lost braces 15 | \item{plot}{Should the results be plotted? (/code{TRUE/FALSE})} | ^ checkRd: (-1) age_corr.Rd:17: Lost braces 17 | \item{agecorrection}{Correct for jumps in age (/code{TRUE}) or | ^ checkRd: (-1) age_corr.Rd:18: Lost braces 18 | only for starting time (/code{FALSE})} | ^ Flavors: r-devel-linux-x86_64-debian-clang, r-devel-linux-x86_64-debian-gcc, r-devel-linux-x86_64-fedora-clang, r-devel-linux-x86_64-fedora-gcc