CRAN Package Check Results for Package SigOptR

Last updated on 2024-03-01 00:55:33 CET.

Flavor Version Tinstall Tcheck Ttotal Status Flags
r-devel-linux-x86_64-debian-clang 0.0.1 2.29 21.05 23.34 NOTE
r-devel-linux-x86_64-debian-gcc 0.0.1 1.72 16.56 18.28 NOTE
r-devel-linux-x86_64-fedora-clang 0.0.1 29.20 NOTE
r-devel-linux-x86_64-fedora-gcc 0.0.1 27.61 NOTE
r-devel-windows-x86_64 0.0.1 3.00 39.00 42.00 NOTE
r-patched-linux-x86_64 0.0.1 2.40 20.62 23.02 NOTE
r-release-linux-x86_64 0.0.1 2.35 20.67 23.02 NOTE
r-release-macos-arm64 0.0.1 15.00 NOTE
r-release-macos-x86_64 0.0.1 21.00 NOTE
r-release-windows-x86_64 0.0.1 4.00 40.00 44.00 NOTE
r-oldrel-macos-arm64 0.0.1 14.00 NOTE
r-oldrel-windows-x86_64 0.0.1 3.00 42.00 45.00 NOTE

Check Details

Version: 0.0.1
Check: LazyData
Result: NOTE 'LazyData' is specified without a 'data' directory Flavors: r-devel-linux-x86_64-debian-clang, r-devel-linux-x86_64-debian-gcc, r-devel-linux-x86_64-fedora-clang, r-devel-linux-x86_64-fedora-gcc, r-devel-windows-x86_64, r-patched-linux-x86_64, r-release-linux-x86_64, r-release-macos-arm64, r-release-macos-x86_64, r-release-windows-x86_64, r-oldrel-macos-arm64, r-oldrel-windows-x86_64