Last updated on 2024-03-28 23:55:20 CET.
Flavor | Version | Tinstall | Tcheck | Ttotal | Status | Flags |
---|---|---|---|---|---|---|
r-devel-linux-x86_64-debian-clang | 0.3.12 | 80.71 | 43.97 | 124.68 | NOTE | |
r-devel-linux-x86_64-debian-gcc | 0.3.12 | 66.34 | 45.19 | 111.53 | NOTE | |
r-devel-linux-x86_64-fedora-clang | 0.3.12 | 183.97 | NOTE | |||
r-devel-linux-x86_64-fedora-gcc | 0.3.12 | 199.89 | NOTE | |||
r-devel-windows-x86_64 | 0.3.12 | 62.00 | 77.00 | 139.00 | NOTE | |
r-patched-linux-x86_64 | 0.3.12 | 78.50 | 43.93 | 122.43 | NOTE | |
r-release-linux-x86_64 | 0.3.12 | 86.44 | 41.53 | 127.97 | NOTE | |
r-release-macos-arm64 | 0.3.12 | 62.00 | NOTE | |||
r-release-macos-x86_64 | 0.3.12 | 128.00 | NOTE | |||
r-release-windows-x86_64 | 0.3.12 | 77.00 | 83.00 | 160.00 | NOTE | |
r-oldrel-macos-arm64 | 0.3.12 | 56.00 | NOTE | |||
r-oldrel-windows-x86_64 | 0.3.12 | 75.00 | 83.00 | 158.00 | NOTE |
Version: 0.3.12
Check: for GNU extensions in Makefiles
Result: NOTE
GNU make is a SystemRequirements.
Flavors: r-devel-linux-x86_64-debian-clang, r-devel-linux-x86_64-debian-gcc, r-devel-linux-x86_64-fedora-clang, r-devel-linux-x86_64-fedora-gcc, r-devel-windows-x86_64, r-patched-linux-x86_64, r-release-linux-x86_64, r-release-macos-arm64, r-release-macos-x86_64, r-release-windows-x86_64, r-oldrel-macos-arm64, r-oldrel-windows-x86_64
Version: 0.3.12
Check: installed package size
Result: NOTE
installed size is 5.8Mb
sub-directories of 1Mb or more:
libs 5.5Mb
Flavors: r-release-macos-arm64, r-release-macos-x86_64, r-oldrel-macos-arm64