Last updated on 2023-09-23 00:54:06 CEST.
Flavor | Version | Tinstall | Tcheck | Ttotal | Status | Flags |
---|---|---|---|---|---|---|
r-devel-linux-x86_64-debian-clang | 0.1.6 | 13.67 | 107.32 | 120.99 | NOTE | |
r-devel-linux-x86_64-debian-gcc | 0.1.6 | 10.47 | 80.61 | 91.08 | NOTE | |
r-devel-linux-x86_64-fedora-clang | 0.1.6 | 144.16 | OK | |||
r-devel-linux-x86_64-fedora-gcc | 0.1.6 | 161.08 | OK | |||
r-devel-windows-x86_64 | 0.1.6 | 13.00 | 99.00 | 112.00 | NOTE | |
r-patched-linux-x86_64 | 0.1.6 | 12.62 | 102.17 | 114.79 | NOTE | |
r-release-linux-x86_64 | 0.1.6 | 8.33 | 103.46 | 111.79 | NOTE | |
r-release-macos-arm64 | 0.1.5 | 120.00 | NOTE | |||
r-release-macos-x86_64 | 0.1.6 | 110.00 | NOTE | |||
r-release-windows-x86_64 | 0.1.6 | 20.00 | 118.00 | 138.00 | NOTE | |
r-oldrel-macos-arm64 | 0.1.5 | 95.00 | NOTE | |||
r-oldrel-macos-x86_64 | 0.1.6 | 66.00 | WARN | |||
r-oldrel-windows-x86_64 | 0.1.6 | 17.00 | 116.00 | 133.00 | NOTE |
Version: 0.1.6
Check: package dependencies
Result: NOTE
Package suggested but not available for checking: ‘INLA’
Flavors: r-devel-linux-x86_64-debian-clang, r-devel-linux-x86_64-debian-gcc, r-devel-windows-x86_64, r-patched-linux-x86_64, r-release-linux-x86_64, r-release-macos-x86_64, r-release-windows-x86_64, r-oldrel-macos-x86_64, r-oldrel-windows-x86_64
Version: 0.1.5
Check: package dependencies
Result: NOTE
Package suggested but not available for checking: ‘INLA’
Flavors: r-release-macos-arm64, r-oldrel-macos-arm64
Version: 0.1.6
Check: dependencies in R code
Result: WARN
Missing or unexported object: ‘stars::st_res’
Flavor: r-oldrel-macos-x86_64