Last updated on 2024-05-11 08:48:48 CEST.
Flavor | Version | Tinstall | Tcheck | Ttotal | Status | Flags |
---|---|---|---|---|---|---|
r-devel-linux-x86_64-debian-clang | 2.0.5 | 66.13 | 591.70 | 657.83 | NOTE | |
r-devel-linux-x86_64-debian-gcc | 2.0.5 | 53.51 | 422.98 | 476.49 | NOTE | |
r-devel-linux-x86_64-fedora-clang | 2.0.5 | 801.67 | NOTE | |||
r-devel-linux-x86_64-fedora-gcc | 2.0.5 | 955.70 | NOTE | |||
r-devel-windows-x86_64 | 2.0.5 | 50.00 | 394.00 | 444.00 | NOTE | |
r-patched-linux-x86_64 | 2.0.5 | 70.90 | 563.96 | 634.86 | NOTE | |
r-release-linux-x86_64 | 2.0.5 | 55.33 | 554.93 | 610.26 | NOTE | |
r-release-macos-arm64 | 2.0.5 | 215.00 | NOTE | |||
r-release-macos-x86_64 | 2.0.5 | 642.00 | NOTE | |||
r-release-windows-x86_64 | 2.0.5 | 53.00 | 380.00 | 433.00 | NOTE | |
r-oldrel-macos-arm64 | 2.0.5 | 210.00 | NOTE | |||
r-oldrel-macos-x86_64 | 2.0.5 | 443.00 | NOTE | |||
r-oldrel-windows-x86_64 | 2.0.5 | 74.00 | 521.00 | 595.00 | NOTE |
Version: 2.0.5
Check: package dependencies
Result: NOTE
Package suggested but not available for checking: ‘NLMR’
Flavors: r-devel-linux-x86_64-debian-clang, r-devel-linux-x86_64-debian-gcc, r-devel-linux-x86_64-fedora-clang, r-devel-linux-x86_64-fedora-gcc, r-devel-windows-x86_64, r-patched-linux-x86_64, r-release-linux-x86_64, r-release-macos-arm64, r-release-macos-x86_64, r-release-windows-x86_64, r-oldrel-macos-arm64, r-oldrel-macos-x86_64, r-oldrel-windows-x86_64
Version: 2.0.5
Check: installed package size
Result: NOTE
installed size is 6.6Mb
sub-directories of 1Mb or more:
R 4.9Mb
Flavors: r-devel-linux-x86_64-fedora-clang, r-devel-windows-x86_64, r-release-macos-arm64, r-release-macos-x86_64, r-release-windows-x86_64, r-oldrel-macos-arm64, r-oldrel-macos-x86_64, r-oldrel-windows-x86_64