CRAN Package Check Results for Package SpatialBSS

Last updated on 2024-02-29 15:54:00 CET.

Flavor Version Tinstall Tcheck Ttotal Status Flags
r-devel-linux-x86_64-debian-clang 0.14-0 72.70 90.98 163.68 NOTE
r-devel-linux-x86_64-debian-gcc 0.14-0 58.33 66.93 125.26 NOTE
r-devel-linux-x86_64-fedora-clang 0.14-0 230.39 NOTE
r-devel-linux-x86_64-fedora-gcc 0.14-0 245.36 NOTE
r-devel-windows-x86_64 0.14-0 59.00 139.00 198.00 OK
r-patched-linux-x86_64 0.14-0 70.13 85.98 156.11 OK
r-release-linux-x86_64 0.14-0 82.89 85.96 168.85 OK
r-release-macos-arm64 0.14-0 59.00 OK
r-release-macos-x86_64 0.14-0 89.00 OK
r-release-windows-x86_64 0.14-0 75.00 146.00 221.00 OK
r-oldrel-macos-arm64 0.14-0 56.00 OK
r-oldrel-windows-x86_64 0.14-0 68.00 144.00 212.00 OK

Check Details

Version: 0.14-0
Check: Rd files
Result: NOTE checkRd: (-1) SpatialBSS-package.Rd:25: Lost braces in \itemize; meant \describe ? checkRd: (-1) SpatialBSS-package.Rd:26: Lost braces in \itemize; meant \describe ? checkRd: (-1) SpatialBSS-package.Rd:27: Lost braces in \itemize; meant \describe ? checkRd: (-1) SpatialBSS-package.Rd:28: Lost braces in \itemize; meant \describe ? Flavors: r-devel-linux-x86_64-debian-clang, r-devel-linux-x86_64-debian-gcc, r-devel-linux-x86_64-fedora-clang, r-devel-linux-x86_64-fedora-gcc