Last updated on 2024-05-04 08:51:45 CEST.
Flavor | Version | Tinstall | Tcheck | Ttotal | Status | Flags |
---|---|---|---|---|---|---|
r-devel-linux-x86_64-debian-clang | 1.1 | 14.02 | 105.66 | 119.68 | NOTE | |
r-devel-linux-x86_64-debian-gcc | 1.1 | 9.68 | 77.84 | 87.52 | NOTE | |
r-devel-linux-x86_64-fedora-clang | 1.1 | 150.56 | NOTE | |||
r-devel-linux-x86_64-fedora-gcc | 1.1 | 147.57 | NOTE | |||
r-devel-windows-x86_64 | 1.1 | 12.00 | 84.00 | 96.00 | NOTE | |
r-patched-linux-x86_64 | 1.1 | 10.58 | 101.10 | 111.68 | NOTE | |
r-release-linux-x86_64 | 1.1 | 7.83 | 102.77 | 110.60 | NOTE | |
r-release-macos-arm64 | 1.1 | 44.00 | NOTE | |||
r-release-windows-x86_64 | 1.1 | 12.00 | 86.00 | 98.00 | NOTE | |
r-oldrel-macos-arm64 | 1.1 | 44.00 | OK | |||
r-oldrel-macos-x86_64 | 1.1 | 69.00 | OK | |||
r-oldrel-windows-x86_64 | 1.1 | 15.00 | 110.00 | 125.00 | OK |
Version: 1.1
Check: Rd files
Result: NOTE
checkRd: (-1) SRanalysis.Rd:100: Lost braces
100 | P. B{\"u}hlmann (2019). Stabilizing Variable Selection and
| ^
checkRd: (-1) StabilizedRegression.Rd:109: Lost braces
109 | P. B{\"u}hlmann (2019). Stabilizing Variable Selection and
| ^
Flavors: r-devel-linux-x86_64-debian-clang, r-devel-linux-x86_64-debian-gcc, r-devel-linux-x86_64-fedora-clang, r-devel-linux-x86_64-fedora-gcc, r-devel-windows-x86_64, r-patched-linux-x86_64, r-release-linux-x86_64, r-release-macos-arm64, r-release-windows-x86_64