CRAN Package Check Results for Package Statsomat

Last updated on 2024-02-28 08:54:44 CET.

Flavor Version Tinstall Tcheck Ttotal Status Flags
r-devel-linux-x86_64-debian-clang 1.1.0 2.59 22.04 24.63 NOTE
r-devel-linux-x86_64-debian-gcc 1.1.0 2.73 16.89 19.62 NOTE
r-devel-linux-x86_64-fedora-clang 1.1.0 32.40 NOTE
r-devel-linux-x86_64-fedora-gcc 1.1.0 31.75 NOTE
r-devel-windows-x86_64 1.1.0 6.00 39.00 45.00 NOTE
r-patched-linux-x86_64 1.1.0 3.11 21.30 24.41 NOTE
r-release-linux-x86_64 1.1.0 2.46 21.20 23.66 NOTE
r-release-macos-arm64 1.1.0 17.00 NOTE
r-release-macos-x86_64 1.1.0 20.00 NOTE
r-release-windows-x86_64 1.1.0 6.00 40.00 46.00 NOTE
r-oldrel-macos-arm64 1.1.0 16.00 NOTE
r-oldrel-windows-x86_64 1.1.0 8.00 44.00 52.00 NOTE

Check Details

Version: 1.1.0
Check: package dependencies
Result: NOTE Package suggested but not available for checking: ‘imputeMissings’ Flavors: r-devel-linux-x86_64-debian-clang, r-devel-linux-x86_64-debian-gcc, r-devel-linux-x86_64-fedora-clang, r-devel-linux-x86_64-fedora-gcc, r-patched-linux-x86_64, r-release-linux-x86_64

Version: 1.1.0
Check: installed package size
Result: NOTE installed size is 6.3Mb sub-directories of 1Mb or more: shiny-apps 6.2Mb Flavors: r-devel-linux-x86_64-fedora-clang, r-devel-windows-x86_64, r-release-macos-arm64, r-release-macos-x86_64, r-release-windows-x86_64, r-oldrel-macos-arm64, r-oldrel-windows-x86_64

Version: 1.1.0
Check: dependencies in R code
Result: NOTE Namespaces in Imports field not imported from: ‘DDoutlier’ ‘car’ ‘corrplot’ ‘data.table’ ‘energy’ ‘ggplot2’ ‘gridExtra’ ‘kableExtra’ ‘knitr’ ‘readr’ ‘reshape2’ ‘rmarkdown’ ‘shinydisconnect’ All declared Imports should be used. Flavors: r-devel-linux-x86_64-fedora-clang, r-devel-linux-x86_64-fedora-gcc, r-oldrel-macos-arm64

Version: 1.1.0
Check: package dependencies
Result: NOTE Packages suggested but not available for checking: 'semPlot', 'FactoMineR', 'FactoInvestigate', 'factoextra' Flavor: r-release-macos-x86_64