CRAN Package Check Results for Package SuperGauss

Last updated on 2024-02-26 16:56:38 CET.

Flavor Version Tinstall Tcheck Ttotal Status Flags
r-devel-linux-x86_64-debian-clang 2.0.3 93.96 182.94 276.90 OK
r-devel-linux-x86_64-debian-gcc 2.0.3 72.79 171.90 244.69 OK
r-devel-linux-x86_64-fedora-clang 2.0.3 367.07 OK
r-devel-linux-x86_64-fedora-gcc 2.0.3 434.27 OK
r-devel-windows-x86_64 2.0.3 80.00 203.00 283.00 OK
r-patched-linux-x86_64 2.0.3 89.10 223.67 312.77 OK
r-release-linux-x86_64 2.0.3 90.44 219.19 309.63 OK
r-release-macos-arm64 2.0.3 186.00 NOTE
r-release-macos-x86_64 2.0.3 276.00 NOTE
r-release-windows-x86_64 2.0.3 102.00 247.00 349.00 OK
r-oldrel-macos-arm64 2.0.3 174.00 NOTE
r-oldrel-windows-x86_64 2.0.3 84.00 238.00 322.00 OK

Check Details

Version: 2.0.3
Check: installed package size
Result: NOTE installed size is 7.7Mb sub-directories of 1Mb or more: libs 6.9Mb Flavors: r-release-macos-arm64, r-release-macos-x86_64, r-oldrel-macos-arm64