CRAN Package Check Results for Package Superpower

Last updated on 2024-03-03 01:00:58 CET.

Flavor Version Tinstall Tcheck Ttotal Status Flags
r-devel-linux-x86_64-debian-clang 0.2.0 16.74 423.10 439.84 OK
r-devel-linux-x86_64-debian-gcc 0.2.0 16.70 314.87 331.57 OK
r-devel-linux-x86_64-fedora-clang 0.2.0 545.54 NOTE
r-devel-linux-x86_64-fedora-gcc 0.2.0 558.60 NOTE
r-devel-windows-x86_64 0.2.0 17.00 306.00 323.00 OK
r-patched-linux-x86_64 0.2.0 26.55 414.84 441.39 OK
r-release-linux-x86_64 0.2.0 16.34 417.41 433.75 OK
r-release-macos-arm64 0.2.0 175.00 OK
r-release-macos-x86_64 0.2.0 293.00 OK
r-release-windows-x86_64 0.2.0 23.00 419.00 442.00 OK
r-oldrel-macos-arm64 0.2.0 105.00 NOTE
r-oldrel-windows-x86_64 0.2.0 23.00 747.00 770.00 OK

Check Details

Version: 0.2.0
Check: dependencies in R code
Result: NOTE Namespaces in Imports field not imported from: ‘gridExtra’ ‘mvtnorm’ All declared Imports should be used. Flavors: r-devel-linux-x86_64-fedora-clang, r-devel-linux-x86_64-fedora-gcc, r-oldrel-macos-arm64