CRAN Package Check Results for Package T4cluster

Last updated on 2024-03-01 16:49:34 CET.

Flavor Version Tinstall Tcheck Ttotal Status Flags
r-devel-linux-x86_64-debian-clang 0.1.2 249.14 206.84 455.98 NOTE
r-devel-linux-x86_64-debian-gcc 0.1.2 195.01 158.68 353.69 NOTE
r-devel-linux-x86_64-fedora-clang 0.1.2 620.49 NOTE
r-devel-linux-x86_64-fedora-gcc 0.1.2 626.04 NOTE
r-devel-windows-x86_64 0.1.2 180.00 193.00 373.00 NOTE
r-patched-linux-x86_64 0.1.2 209.40 205.32 414.72 NOTE
r-release-linux-x86_64 0.1.2 183.51 200.82 384.33 NOTE
r-release-macos-arm64 0.1.2 147.00 NOTE
r-release-macos-x86_64 0.1.2 260.00 NOTE
r-release-windows-x86_64 0.1.2 238.00 241.00 479.00 NOTE
r-oldrel-macos-arm64 0.1.2 134.00 NOTE
r-oldrel-windows-x86_64 0.1.2 226.00 326.00 552.00 OK

Check Details

Version: 0.1.2
Check: C++ specification
Result: NOTE Specified C++11: please drop specification unless essential Flavors: r-devel-linux-x86_64-debian-clang, r-devel-linux-x86_64-debian-gcc, r-devel-linux-x86_64-fedora-clang, r-devel-linux-x86_64-fedora-gcc, r-devel-windows-x86_64, r-patched-linux-x86_64, r-release-linux-x86_64, r-release-macos-arm64, r-release-macos-x86_64, r-release-windows-x86_64

Version: 0.1.2
Check: Rd cross-references
Result: NOTE Undeclared package ‘HSAUR3’ in Rd xrefs Flavor: r-devel-linux-x86_64-fedora-clang

Version: 0.1.2
Check: installed package size
Result: NOTE installed size is 12.0Mb sub-directories of 1Mb or more: libs 11.6Mb Flavors: r-release-macos-arm64, r-release-macos-x86_64, r-oldrel-macos-arm64