CRAN Package Check Results for Package TAQMNGR

Last updated on 2024-02-21 00:54:43 CET.

Flavor Version Tinstall Tcheck Ttotal Status Flags
r-devel-linux-x86_64-debian-clang 2018.5-1 NOTE
r-devel-linux-x86_64-debian-gcc 2018.5-1 187.29 17.76 205.05 NOTE
r-devel-linux-x86_64-fedora-clang 2018.5-1 462.69 OK
r-devel-linux-x86_64-fedora-gcc 2018.5-1 399.22 OK
r-devel-windows-x86_64 2018.5-1 236.00 73.00 309.00 OK
r-patched-linux-x86_64 2018.5-1 236.58 21.04 257.62 OK
r-release-linux-x86_64 2018.5-1 232.08 21.09 253.17 OK
r-release-macos-arm64 2018.5-1 79.00 OK
r-release-macos-x86_64 2018.5-1 147.00 OK
r-release-windows-x86_64 2018.5-1 214.00 66.00 280.00 OK
r-oldrel-macos-arm64 2018.5-1 74.00 OK
r-oldrel-windows-x86_64 2018.5-1 264.00 62.00 326.00 OK

Check Details

Version: 2018.5-1
Check: Rd files
Result: NOTE checkRd: (-1) TAQ-functions.Rd:119: Lost braces 119 | Brownlees, C. T., and Gallo, G. M. (2006). Financial Econometric Analysis at Ultra{--}High Frequency: Data Handling Concerns, \emph{Computational Statistics and Data Analysis} \bold{51}, 2232--2245. | ^ checkRd: (-1) TAQ-package.Rd:59: Lost braces 59 | Brownlees, C. T., and Gallo, G. M. (2006). Financial Econometric Analysis at Ultra{--}High Frequency: Data Handling Concerns, \emph{Computational Statistics and Data Analysis} \bold{51}, 2232--2245. | ^ Flavors: r-devel-linux-x86_64-debian-clang, r-devel-linux-x86_64-debian-gcc