CRAN Package Check Results for Package TR8

Last updated on 2024-02-26 08:49:00 CET.

Flavor Version Tinstall Tcheck Ttotal Status Flags
r-devel-linux-x86_64-debian-clang 0.9.22 11.70 114.51 126.21 OK
r-devel-linux-x86_64-debian-gcc 0.9.22 10.09 86.93 97.02 OK
r-devel-linux-x86_64-fedora-clang 0.9.22 153.96 NOTE
r-devel-linux-x86_64-fedora-gcc 0.9.22 158.04 NOTE
r-devel-windows-x86_64 0.9.22 13.00 142.00 155.00 OK
r-patched-linux-x86_64 0.9.22 13.82 110.60 124.42 OK
r-release-linux-x86_64 0.9.22 12.53 110.84 123.37 OK
r-release-macos-arm64 0.9.22 61.00 OK
r-release-macos-x86_64 0.9.22 85.00 OK
r-release-windows-x86_64 0.9.22 18.00 147.00 165.00 OK
r-oldrel-macos-arm64 0.9.22 49.00 NOTE
r-oldrel-windows-x86_64 0.9.22 17.00 310.00 327.00 OK

Check Details

Version: 0.9.22
Check: data for non-ASCII characters
Result: NOTE Note: found 153 marked Latin-1 strings Note: found 108 marked UTF-8 strings Flavors: r-devel-linux-x86_64-fedora-clang, r-devel-linux-x86_64-fedora-gcc, r-oldrel-macos-arm64